{"id":9024,"date":"2023-02-20T16:10:17","date_gmt":"2023-02-20T15:10:17","guid":{"rendered":"https:\/\/mediatrio.se\/?page_id=9024"},"modified":"2024-06-19T17:11:07","modified_gmt":"2024-06-19T15:11:07","slug":"fragor-och-svar-faq","status":"publish","type":"page","link":"https:\/\/kunder.bulta.se\/mediatrio24\/annonsera\/tryckta-tidningsannonser\/fragor-och-svar-faq\/","title":{"rendered":"Fr\u00e5gor och svar om annonsering (FAQ)"},"content":{"rendered":"<div class=\"media-innan-artikeltexten media-entity-placement\" id=\"media-2284270049\"><div id=\"exempelannons\" class=\"exempelannons\" style=\"margin-left: auto;margin-right: auto;text-align: center;\"><a href=\"https:\/\/google.se\" aria-label=\"ad_placeholder\"><img loading=\"lazy\" decoding=\"async\" src=\"https:\/\/kunder.bulta.se\/mediatrio24\/wp-content\/uploads\/2024\/06\/ad_placeholder-e1725346111228.png\" alt=\"\"  srcset=\"https:\/\/kunder.bulta.se\/mediatrio24\/wp-content\/uploads\/2024\/06\/ad_placeholder-e1725346111228.png 1692w, https:\/\/kunder.bulta.se\/mediatrio24\/wp-content\/uploads\/2024\/06\/ad_placeholder-e1725346111228-300x133.png 300w, https:\/\/kunder.bulta.se\/mediatrio24\/wp-content\/uploads\/2024\/06\/ad_placeholder-e1725346111228-1024x455.png 1024w, https:\/\/kunder.bulta.se\/mediatrio24\/wp-content\/uploads\/2024\/06\/ad_placeholder-e1725346111228-768x341.png 768w, https:\/\/kunder.bulta.se\/mediatrio24\/wp-content\/uploads\/2024\/06\/ad_placeholder-e1725346111228-1536x683.png 1536w, https:\/\/kunder.bulta.se\/mediatrio24\/wp-content\/uploads\/2024\/06\/ad_placeholder-e1725346111228-1080x480.png 1080w\" sizes=\"(max-width: 1692px) 100vw, 1692px\" width=\"1692\" height=\"872\"  style=\"display: inline-block;\" \/><\/a><\/div><\/div>\r\n<p><strong>Vi har svarat p\u00e5 n\u00e5gra olika fr\u00e5gor p\u00e5 denna sida. Vi kommer att fylla p\u00e5 vart efter fr\u00e5gor dyker upp.<\/strong> <strong>Har ni andra fr\u00e5gor \u00e4r ni v\u00e4lkomna att h\u00f6ra av er till oss!<\/strong><\/p>\r\n\r\n\r\n<hr class=\"wp-block-separator has-alpha-channel-opacity is-style-wide\" \/>\r\n\r\n\r\n<h4 class=\"wp-block-heading\" id=\"h-vad-ar-en-gratistidning\">Vad \u00e4r en gratistidning?<\/h4>\r\n\r\n\r\n\r\n<p>En gratistidning \u00e4r inte en gratistidning bara f\u00f6r att den \u00e4r en gratis tidning! Alla v\u00e5ra tre tidningar, ValdemarsviksBladet, \u00c5tvidabergsplatsen och Gamlebyplatsen \u00e4r registrerade periodiska skrifter, s\u00e5 kallade gratistidningar. Vi har utgivningsbevis utf\u00e4rdade av Patent- och RegistreringsVerket, PRV.<\/p><div class=\"media-i-artikeltexten media-entity-placement\" id=\"media-2732572639\"><div id=\"exempelannons\" class=\"exempelannons\" style=\"margin-left: auto;margin-right: auto;text-align: center;\"><a href=\"https:\/\/google.se\" aria-label=\"ad_placeholder\"><img loading=\"lazy\" decoding=\"async\" src=\"https:\/\/kunder.bulta.se\/mediatrio24\/wp-content\/uploads\/2024\/06\/ad_placeholder-e1725346111228.png\" alt=\"\"  srcset=\"https:\/\/kunder.bulta.se\/mediatrio24\/wp-content\/uploads\/2024\/06\/ad_placeholder-e1725346111228.png 1692w, https:\/\/kunder.bulta.se\/mediatrio24\/wp-content\/uploads\/2024\/06\/ad_placeholder-e1725346111228-300x133.png 300w, https:\/\/kunder.bulta.se\/mediatrio24\/wp-content\/uploads\/2024\/06\/ad_placeholder-e1725346111228-1024x455.png 1024w, https:\/\/kunder.bulta.se\/mediatrio24\/wp-content\/uploads\/2024\/06\/ad_placeholder-e1725346111228-768x341.png 768w, https:\/\/kunder.bulta.se\/mediatrio24\/wp-content\/uploads\/2024\/06\/ad_placeholder-e1725346111228-1536x683.png 1536w, https:\/\/kunder.bulta.se\/mediatrio24\/wp-content\/uploads\/2024\/06\/ad_placeholder-e1725346111228-1080x480.png 1080w\" sizes=\"(max-width: 1692px) 100vw, 1692px\" width=\"1692\" height=\"872\"  style=\"display: inline-block;\" \/><\/a><\/div><\/div>\r\n\r\n\r\n\r\n<p>Det finns flera f\u00f6rdelar med en gratistidning. Tidningarna delas ut i alla brevl\u00e5dor \u00e4ven om det st\u00e5r \u201dNej tack till reklam\u201d p\u00e5 brevl\u00e5dan. Dessutom delas tidningarna ut separat och inte tillsammans med \u00f6vrig reklam. Sedan \u00e4r tidningen som den heter, gratis, s\u00e5 ingen beh\u00f6ver betala f\u00f6r att f\u00e5 den.<\/p>\r\n\r\n\r\n\r\n<p>F\u00f6r dig som annons\u00f6r inneb\u00e4r det att du n\u00e5r i stort s\u00e4tt 100% av alla hush\u00e5ll i v\u00e5ra utgivningsomr\u00e5den. Vi har \u00e4ven v\u00e5ra tidningar p\u00e5 strategiska platser som ren service, inte f\u00f6r att h\u00f6ja upplagan.<\/p>\r\n\r\n\r\n\r\n<p>Du n\u00e5r flera potentiella kunder med annons i v\u00e5ra tidningar j\u00e4mf\u00f6rt med att anv\u00e4nda ODR och l\u00e5ngt flera \u00e4n i till exempel tryckta morgontidningar.<\/p>\r\n\r\n\r\n<hr class=\"wp-block-separator has-alpha-channel-opacity is-style-wide\" \/>\r\n\r\n\r\n<h4 class=\"wp-block-heading\" id=\"h-en-annons-ar-ingen-kostnad\">En annons \u00e4r ingen kostnad!<\/h4>\r\n\r\n\r\n\r\n<p>Att annonsera \u00e4r faktiskt ingen kostnad utan en investering f\u00f6r ditt f\u00f6retag!<\/p>\r\n\r\n\r\n\r\n<p>M\u00e5nga nya, och befintliga, f\u00f6retag har en budget f\u00f6r investeringar i utrustning med mera men n\u00e4stan aldrig f\u00f6r marknadsf\u00f6ring. Startar Du upp en ny verksamhet m\u00e5ste Du n\u00e5 ut till alla Dina potentiella kunder och d\u00e5 m\u00e5ste man annonsera. D\u00e5 \u00e4r v\u00e5ra tidningar en kanal!<\/p>\r\n\r\n\r\n\r\n<p>\u00c4ven befintliga f\u00f6retag som funnits i flera \u00e5r b\u00f6r marknadsf\u00f6ra sig regelbundet. Det kan vara n\u00e4r man erbjuder en ny vara eller tj\u00e4nst men \u00e4ven underh\u00e5llsannonsera trots att man har full orderbok. Skulle konjunkturer sv\u00e4nga och jobben f\u00f6rsvinna s\u00e5 \u00e4r det kostsamt att hitta nya kunder.<\/p>\r\n\r\n\r\n<hr class=\"wp-block-separator has-alpha-channel-opacity is-style-wide\" \/>\r\n\r\n\r\n<h4 class=\"wp-block-heading\" id=\"h-hur-manga-exemplar-delas-ut\">Hur m\u00e5nga exemplar delas ut?<\/h4>\r\n\r\n\r\n\r\n<p>V\u00e5ra tidningar delas ut i ALLA brevl\u00e5dor i hela utgivningsomr\u00e5det, \u00e4ven till ALLA fritidshush\u00e5ll under juni och juli. Vi har \u00e4ven n\u00e5gra tidningsst\u00e4ll p\u00e5 strategiska platser, som t.ex. turistbyr\u00e5er, f\u00f6r att n\u00e5 ut till fler, inte f\u00f6r att ha en h\u00f6g upplaga.<\/p>\r\n\r\n\r\n\r\n<p><span style=\"text-decoration: underline;\">ValdemarsviksBladet<\/span> delas ut i 11.500 exemplar under ordinarie m\u00e5nader och upp till 15.000 exemplar under sommaren.<\/p>\r\n\r\n\r\n\r\n<p><span style=\"text-decoration: underline;\">\u00c5tvidabergsplatsen<\/span> delas ut i 7.500 exemplar under ordinarie m\u00e5nader och upp till 9.000 exemplar under sommaren.<\/p>\r\n\r\n\r\n\r\n<p><span style=\"text-decoration: underline;\">Gamlebyplatsen<\/span> delas ut i 4.700 exemplar under ordinarie m\u00e5nader och upp till 7.000 exemplar under sommaren.<\/p>\r\n\r\n\r\n\r\n<p>Med en annons i alla tre tidningar n\u00e5r annons\u00f6rer 23.700 hush\u00e5ll och f\u00f6retag under ordinarie nummer och 31.000 under sommaren.<\/p>\r\n\r\n\r\n<hr class=\"wp-block-separator has-alpha-channel-opacity is-style-wide\" \/>\r\n\r\n\r\n<h4 class=\"wp-block-heading\" id=\"h-i-vilka-omraden-delas-tidningarna-ut\">I vilka omr\u00e5den delas tidningarna ut?<\/h4>\r\n\r\n\r\n\r\n<p><span style=\"text-decoration: underline;\">ValdemarsviksBladet<\/span><br \/>&#8211; Alla hush\u00e5ll och f\u00f6retag i hela Valdemarsviks kommun<br \/>&#8211; Alla hush\u00e5ll i hela S\u00f6derk\u00f6pings kommun<br \/>&#8211; Alla fritidshush\u00e5ll i Valdemarsviks kommun maj, juni och juli<br \/>&#8211; Alla fritidshush\u00e5ll i S\u00f6derk\u00f6pings kommun juni och juli<\/p>\r\n\r\n\r\n\r\n<p><span style=\"text-decoration: underline;\">\u00c5tvidabergsplatsen<\/span><br \/>&#8211; Alla hush\u00e5ll och f\u00f6retag i hela \u00c5tvidabergs kommun<br \/>&#8211; Alla hush\u00e5ll och f\u00f6retag i Link\u00f6pings kommun, postnummeromr\u00e5de 58595, 58963, 58964 och 58965<br \/>&#8211; Alla fritidshush\u00e5ll i ovanst\u00e5ende omr\u00e5den juni och juli<\/p>\r\n\r\n\r\n\r\n<p><span style=\"text-decoration: underline;\">Gamlebyplatsen<\/span><br \/>&#8211; Alla hush\u00e5ll och f\u00f6retag i Gamleby med omnejd, postnummeromr\u00e5de 594XX<br \/>&#8211; Alla fritidshush\u00e5ll i ovanst\u00e5ende omr\u00e5de juni<\/p>\r\n\r\n\r\n<hr class=\"wp-block-separator has-alpha-channel-opacity is-style-wide\" \/>\r\n\r\n\r\n<h4 class=\"wp-block-heading\" id=\"h-om-jag-inte-kan-gora-min-annons-sjalv\">Om jag inte kan g\u00f6ra min annons sj\u00e4lv?<\/h4>\r\n\r\n\r\n\r\n<p>&#8211; Vi hj\u00e4lper g\u00e4rna till och g\u00f6r din annons efter dina \u00f6nskem\u00e5l. <br \/>&#8211; Vi beh\u00f6ver text, bilder och logotyp etcetera, s\u00e5 g\u00f6r vi ett f\u00f6rslag som du f\u00e5r godk\u00e4nna innan vi g\u00e5r i tryck.<br \/>&#8211; Oftast \u00e4r det l\u00e4ttare att se hur man vill att en annons ska se ut n\u00e4r man har ett f\u00f6rslag att utg\u00e5 ifr\u00e5n.<\/p>\r\n\r\n\r\n<hr class=\"wp-block-separator has-alpha-channel-opacity is-style-wide\" \/>\r\n\r\n\r\n<h4 class=\"wp-block-heading\" id=\"h-vad-kostar-det-att-fa-hjalp-med-att-gora-en-annons\">Vad kostar det att f\u00e5 hj\u00e4lp med att g\u00f6ra en annons?<\/h4>\r\n\r\n\r\n\r\n<p>&#8211; Normal layout kostar inget, det ing\u00e5r i priset.<br \/>&#8211; Vill man ha mera avancerad hj\u00e4lp debiterar vi normalt timarvode.<\/p>\r\n\r\n\r\n\r\n<p>Vi ansvarar inte f\u00f6r inskickat material och du som annons\u00f6r har ansvar f\u00f6r att bilder f\u00e5r anv\u00e4ndas av upphovsr\u00e4ttsliga sk\u00e4l.<\/p>\r\n\r\n\r\n\r\n<p><strong><em>Annonser som vi skapar f\u00e5r inte anv\u00e4ndas i till exempel sociala medier eller tryck utan v\u00e5rt tillst\u00e5nd.<\/em><\/strong><\/p>\r\n\r\n\r\n<hr class=\"wp-block-separator has-alpha-channel-opacity is-style-wide\" \/>\r\n\r\n\r\n<h4 class=\"wp-block-heading\" id=\"h-om-jag-gor-annonsen-sjalv-vad-galler-da\">Om jag g\u00f6r annonsen sj\u00e4lv, vad g\u00e4ller d\u00e5?<\/h4>\r\n\r\n\r\n\r\n<p>&#8211; Vi vill ha ditt annonsmaterial som h\u00f6guppl\u00f6st PDF eller EPS.<br \/>&#8211; G\u00f6r annonsen i r\u00e4tt storlek, med eller utan sk\u00e4rm\u00e4rken.<br \/>&#8211; Bifoga udda typsnitt eller g\u00f6r dem till kurvor i annonsfilen innan du sparar den.<br \/>&#8211; T\u00e4nk p\u00e5 att ha s\u00e5 h\u00f6g uppl\u00f6sning som m\u00f6jligt p\u00e5 bilder och logotyp.<\/p>\r\n\r\n\r\n<hr class=\"wp-block-separator has-alpha-channel-opacity is-style-wide\" \/><div class=\"media-efter-artikeltexten media-entity-placement\" id=\"media-1997214179\"><div id=\"exempelannons\" class=\"exempelannons\" style=\"margin-left: auto;margin-right: auto;text-align: center;\"><a href=\"https:\/\/google.se\" aria-label=\"ad_placeholder\"><img loading=\"lazy\" decoding=\"async\" src=\"https:\/\/kunder.bulta.se\/mediatrio24\/wp-content\/uploads\/2024\/06\/ad_placeholder-e1725346111228.png\" alt=\"\"  srcset=\"https:\/\/kunder.bulta.se\/mediatrio24\/wp-content\/uploads\/2024\/06\/ad_placeholder-e1725346111228.png 1692w, https:\/\/kunder.bulta.se\/mediatrio24\/wp-content\/uploads\/2024\/06\/ad_placeholder-e1725346111228-300x133.png 300w, https:\/\/kunder.bulta.se\/mediatrio24\/wp-content\/uploads\/2024\/06\/ad_placeholder-e1725346111228-1024x455.png 1024w, https:\/\/kunder.bulta.se\/mediatrio24\/wp-content\/uploads\/2024\/06\/ad_placeholder-e1725346111228-768x341.png 768w, https:\/\/kunder.bulta.se\/mediatrio24\/wp-content\/uploads\/2024\/06\/ad_placeholder-e1725346111228-1536x683.png 1536w, https:\/\/kunder.bulta.se\/mediatrio24\/wp-content\/uploads\/2024\/06\/ad_placeholder-e1725346111228-1080x480.png 1080w\" sizes=\"(max-width: 1692px) 100vw, 1692px\" width=\"1692\" height=\"872\"  style=\"display: inline-block;\" \/><\/a><\/div><\/div>","protected":false},"excerpt":{"rendered":"<p>Vi har svarat p\u00e5 n\u00e5gra olika fr\u00e5gor p\u00e5 denna sida. Vi kommer att fylla p\u00e5 vart efter fr\u00e5gor dyker upp. Har ni andra fr\u00e5gor \u00e4r ni v\u00e4lkomna att h\u00f6ra av er till oss! Vad \u00e4r en gratistidning? En gratistidning \u00e4r inte en gratistidning bara f\u00f6r att den \u00e4r en gratis tidning! Alla v\u00e5ra tre tidningar, [&hellip;]<\/p>\n","protected":false},"author":3,"featured_media":8812,"parent":11392,"menu_order":0,"comment_status":"closed","ping_status":"closed","template":"","meta":{"_et_pb_use_builder":"","_et_pb_old_content":"","_et_gb_content_width":"","_exactmetrics_skip_tracking":false,"_exactmetrics_sitenote_active":false,"_exactmetrics_sitenote_note":"","_exactmetrics_sitenote_category":0,"_monsterinsights_skip_tracking":false,"_monsterinsights_sitenote_active":false,"_monsterinsights_sitenote_note":"","_monsterinsights_sitenote_category":0,"footnotes":""},"class_list":["post-9024","page","type-page","status-publish","has-post-thumbnail","hentry"],"yoast_head":"<!-- This site is optimized with the Yoast SEO Premium plugin v21.8 (Yoast SEO v27.3) - https:\/\/yoast.com\/product\/yoast-seo-premium-wordpress\/ -->\n<title>Fr\u00e5gor och svar om annonsering (FAQ) - MediaTrio AB | Tidningar | Fokus p\u00e5 det lokala livet<\/title>\n<meta name=\"robots\" content=\"noindex, follow, max-snippet:-1, max-image-preview:large, max-video-preview:-1\" \/>\n<meta property=\"og:locale\" content=\"sv_SE\" \/>\n<meta property=\"og:type\" content=\"article\" \/>\n<meta property=\"og:title\" content=\"Fr\u00e5gor och svar om annonsering (FAQ)\" \/>\n<meta property=\"og:description\" content=\"Vi har svarat p\u00e5 n\u00e5gra olika fr\u00e5gor p\u00e5 denna sida. Vi kommer att fylla p\u00e5 vart efter fr\u00e5gor dyker upp. Har ni andra fr\u00e5gor \u00e4r ni v\u00e4lkomna att h\u00f6ra av er till oss! Vad \u00e4r en gratistidning? En gratistidning \u00e4r inte en gratistidning bara f\u00f6r att den \u00e4r en gratis tidning! Alla v\u00e5ra tre tidningar, [&hellip;]\" \/>\n<meta property=\"og:url\" content=\"https:\/\/kunder.bulta.se\/mediatrio24\/annonsera\/tryckta-tidningsannonser\/fragor-och-svar-faq\/\" \/>\n<meta property=\"og:site_name\" content=\"MediaTrio AB | Tidningar | Fokus p\u00e5 det lokala livet\" \/>\n<meta property=\"article:publisher\" content=\"http:\/\/www.facebook.com\/mediatrio\" \/>\n<meta property=\"article:modified_time\" content=\"2024-06-19T15:11:07+00:00\" \/>\n<meta property=\"og:image\" content=\"https:\/\/kunder.bulta.se\/mediatrio24\/wp-content\/uploads\/2023\/01\/Gratistidningar_Kampanj.png\" \/>\n\t<meta property=\"og:image:width\" content=\"858\" \/>\n\t<meta property=\"og:image:height\" content=\"738\" \/>\n\t<meta property=\"og:image:type\" content=\"image\/png\" \/>\n<meta name=\"twitter:card\" content=\"summary_large_image\" \/>\n<meta name=\"twitter:site\" content=\"@turistcenter\" \/>\n<meta name=\"twitter:label1\" content=\"Ber\u00e4knad l\u00e4stid\" \/>\n\t<meta name=\"twitter:data1\" content=\"4 minuter\" \/>\n<!-- \/ Yoast SEO Premium plugin. -->","yoast_head_json":{"title":"Fr\u00e5gor och svar om annonsering (FAQ) - MediaTrio AB | Tidningar | Fokus p\u00e5 det lokala livet","robots":{"index":"noindex","follow":"follow","max-snippet":"max-snippet:-1","max-image-preview":"max-image-preview:large","max-video-preview":"max-video-preview:-1"},"og_locale":"sv_SE","og_type":"article","og_title":"Fr\u00e5gor och svar om annonsering (FAQ)","og_description":"Vi har svarat p\u00e5 n\u00e5gra olika fr\u00e5gor p\u00e5 denna sida. Vi kommer att fylla p\u00e5 vart efter fr\u00e5gor dyker upp. Har ni andra fr\u00e5gor \u00e4r ni v\u00e4lkomna att h\u00f6ra av er till oss! Vad \u00e4r en gratistidning? En gratistidning \u00e4r inte en gratistidning bara f\u00f6r att den \u00e4r en gratis tidning! Alla v\u00e5ra tre tidningar, [&hellip;]","og_url":"https:\/\/kunder.bulta.se\/mediatrio24\/annonsera\/tryckta-tidningsannonser\/fragor-och-svar-faq\/","og_site_name":"MediaTrio AB | Tidningar | Fokus p\u00e5 det lokala livet","article_publisher":"http:\/\/www.facebook.com\/mediatrio","article_modified_time":"2024-06-19T15:11:07+00:00","og_image":[{"width":858,"height":738,"url":"https:\/\/kunder.bulta.se\/mediatrio24\/wp-content\/uploads\/2023\/01\/Gratistidningar_Kampanj.png","type":"image\/png"}],"twitter_card":"summary_large_image","twitter_site":"@turistcenter","twitter_misc":{"Ber\u00e4knad l\u00e4stid":"4 minuter"},"schema":{"@context":"https:\/\/schema.org","@graph":[{"@type":"WebPage","@id":"https:\/\/kunder.bulta.se\/mediatrio24\/annonsera\/tryckta-tidningsannonser\/fragor-och-svar-faq\/","url":"https:\/\/kunder.bulta.se\/mediatrio24\/annonsera\/tryckta-tidningsannonser\/fragor-och-svar-faq\/","name":"Fr\u00e5gor och svar om annonsering (FAQ) - MediaTrio AB | Tidningar | Fokus p\u00e5 det lokala livet","isPartOf":{"@id":"https:\/\/kunder.bulta.se\/mediatrio24\/#website"},"primaryImageOfPage":{"@id":"https:\/\/kunder.bulta.se\/mediatrio24\/annonsera\/tryckta-tidningsannonser\/fragor-och-svar-faq\/#primaryimage"},"image":{"@id":"https:\/\/kunder.bulta.se\/mediatrio24\/annonsera\/tryckta-tidningsannonser\/fragor-och-svar-faq\/#primaryimage"},"thumbnailUrl":"https:\/\/kunder.bulta.se\/mediatrio24\/wp-content\/uploads\/2023\/01\/Gratistidningar_Kampanj.png","datePublished":"2023-02-20T15:10:17+00:00","dateModified":"2024-06-19T15:11:07+00:00","breadcrumb":{"@id":"https:\/\/kunder.bulta.se\/mediatrio24\/annonsera\/tryckta-tidningsannonser\/fragor-och-svar-faq\/#breadcrumb"},"inLanguage":"sv-SE","potentialAction":[{"@type":"ReadAction","target":["https:\/\/kunder.bulta.se\/mediatrio24\/annonsera\/tryckta-tidningsannonser\/fragor-och-svar-faq\/"]}]},{"@type":"ImageObject","inLanguage":"sv-SE","@id":"https:\/\/kunder.bulta.se\/mediatrio24\/annonsera\/tryckta-tidningsannonser\/fragor-och-svar-faq\/#primaryimage","url":"https:\/\/kunder.bulta.se\/mediatrio24\/wp-content\/uploads\/2023\/01\/Gratistidningar_Kampanj.png","contentUrl":"https:\/\/kunder.bulta.se\/mediatrio24\/wp-content\/uploads\/2023\/01\/Gratistidningar_Kampanj.png","width":858,"height":738},{"@type":"BreadcrumbList","@id":"https:\/\/kunder.bulta.se\/mediatrio24\/annonsera\/tryckta-tidningsannonser\/fragor-och-svar-faq\/#breadcrumb","itemListElement":[{"@type":"ListItem","position":1,"name":"Hem","item":"https:\/\/kunder.bulta.se\/mediatrio24\/"},{"@type":"ListItem","position":2,"name":"Annonsera i Lokala Livet","item":"https:\/\/kunder.bulta.se\/mediatrio24\/annonsera\/"},{"@type":"ListItem","position":3,"name":"Tryckta tidningsannonser","item":"https:\/\/kunder.bulta.se\/mediatrio24\/annonsera\/tryckta-tidningsannonser\/"},{"@type":"ListItem","position":4,"name":"Fr\u00e5gor och svar om annonsering (FAQ)"}]},{"@type":"WebSite","@id":"https:\/\/kunder.bulta.se\/mediatrio24\/#website","url":"https:\/\/kunder.bulta.se\/mediatrio24\/","name":"MediaTrio AB | Tidningar | Fokus p\u00e5 det lokala livet","description":"ValdemarsviksBladet | \u00c5tvidabergsplatsen | Gamlebyplatsen","publisher":{"@id":"https:\/\/kunder.bulta.se\/mediatrio24\/#organization"},"potentialAction":[{"@type":"SearchAction","target":{"@type":"EntryPoint","urlTemplate":"https:\/\/kunder.bulta.se\/mediatrio24\/?s={search_term_string}"},"query-input":{"@type":"PropertyValueSpecification","valueRequired":true,"valueName":"search_term_string"}}],"inLanguage":"sv-SE"},{"@type":"Organization","@id":"https:\/\/kunder.bulta.se\/mediatrio24\/#organization","name":"MediaTrio AB","url":"https:\/\/kunder.bulta.se\/mediatrio24\/","logo":{"@type":"ImageObject","inLanguage":"sv-SE","@id":"https:\/\/kunder.bulta.se\/mediatrio24\/#\/schema\/logo\/image\/","url":"https:\/\/kunder.bulta.se\/mediatrio24\/wp-content\/uploads\/2022\/08\/4BB26FAD-690D-4B82-82AC-2254E508623D.jpeg","contentUrl":"https:\/\/kunder.bulta.se\/mediatrio24\/wp-content\/uploads\/2022\/08\/4BB26FAD-690D-4B82-82AC-2254E508623D.jpeg","width":2160,"height":1232,"caption":"MediaTrio AB"},"image":{"@id":"https:\/\/kunder.bulta.se\/mediatrio24\/#\/schema\/logo\/image\/"},"sameAs":["http:\/\/www.facebook.com\/mediatrio","https:\/\/x.com\/turistcenter","http:\/\/www.facebook.com\/valdemarsviksbladet","http:\/\/www.facebook.com\/atvidabergsplatsen","http:\/\/www.facebook.com\/gamlebyplatsen","http:\/\/www.facebook.com\/valdemarsviksportalen"]}]}},"_links":{"self":[{"href":"https:\/\/kunder.bulta.se\/mediatrio24\/wp-json\/wp\/v2\/pages\/9024","targetHints":{"allow":["GET"]}}],"collection":[{"href":"https:\/\/kunder.bulta.se\/mediatrio24\/wp-json\/wp\/v2\/pages"}],"about":[{"href":"https:\/\/kunder.bulta.se\/mediatrio24\/wp-json\/wp\/v2\/types\/page"}],"author":[{"embeddable":true,"href":"https:\/\/kunder.bulta.se\/mediatrio24\/wp-json\/wp\/v2\/users\/3"}],"replies":[{"embeddable":true,"href":"https:\/\/kunder.bulta.se\/mediatrio24\/wp-json\/wp\/v2\/comments?post=9024"}],"version-history":[{"count":5,"href":"https:\/\/kunder.bulta.se\/mediatrio24\/wp-json\/wp\/v2\/pages\/9024\/revisions"}],"predecessor-version":[{"id":11410,"href":"https:\/\/kunder.bulta.se\/mediatrio24\/wp-json\/wp\/v2\/pages\/9024\/revisions\/11410"}],"up":[{"embeddable":true,"href":"https:\/\/kunder.bulta.se\/mediatrio24\/wp-json\/wp\/v2\/pages\/11392"}],"wp:featuredmedia":[{"embeddable":true,"href":"https:\/\/kunder.bulta.se\/mediatrio24\/wp-json\/wp\/v2\/media\/8812"}],"wp:attachment":[{"href":"https:\/\/kunder.bulta.se\/mediatrio24\/wp-json\/wp\/v2\/media?parent=9024"}],"curies":[{"name":"wp","href":"https:\/\/api.w.org\/{rel}","templated":true}]}}