{"id":6921,"date":"2022-01-03T15:42:00","date_gmt":"2022-01-03T13:42:00","guid":{"rendered":"https:\/\/mediatrio.se\/?page_id=6921"},"modified":"2024-06-19T16:23:27","modified_gmt":"2024-06-19T14:23:27","slug":"info-annonsering-atvidaberg","status":"publish","type":"page","link":"https:\/\/kunder.bulta.se\/mediatrio24\/annonsera\/tryckta-tidningsannonser\/info-annonsering-atvidaberg\/","title":{"rendered":"Information om annonsering i omr\u00e5det \u00c5tvidaberg"},"content":{"rendered":"<div class=\"media-innan-artikeltexten media-entity-placement\" id=\"media-2176915980\"><div id=\"exempelannons\" class=\"exempelannons\" style=\"margin-left: auto;margin-right: auto;text-align: center;\"><a href=\"https:\/\/google.se\" aria-label=\"ad_placeholder\"><img loading=\"lazy\" decoding=\"async\" src=\"https:\/\/kunder.bulta.se\/mediatrio24\/wp-content\/uploads\/2024\/06\/ad_placeholder-e1725346111228.png\" alt=\"\"  srcset=\"https:\/\/kunder.bulta.se\/mediatrio24\/wp-content\/uploads\/2024\/06\/ad_placeholder-e1725346111228.png 1692w, https:\/\/kunder.bulta.se\/mediatrio24\/wp-content\/uploads\/2024\/06\/ad_placeholder-e1725346111228-300x133.png 300w, https:\/\/kunder.bulta.se\/mediatrio24\/wp-content\/uploads\/2024\/06\/ad_placeholder-e1725346111228-1024x455.png 1024w, https:\/\/kunder.bulta.se\/mediatrio24\/wp-content\/uploads\/2024\/06\/ad_placeholder-e1725346111228-768x341.png 768w, https:\/\/kunder.bulta.se\/mediatrio24\/wp-content\/uploads\/2024\/06\/ad_placeholder-e1725346111228-1536x683.png 1536w, https:\/\/kunder.bulta.se\/mediatrio24\/wp-content\/uploads\/2024\/06\/ad_placeholder-e1725346111228-1080x480.png 1080w\" sizes=\"(max-width: 1692px) 100vw, 1692px\" width=\"1692\" height=\"872\"  style=\"display: inline-block;\" \/><\/a><\/div><\/div>\r\n<h1 class=\"wp-block-heading\">Till annonser i papperstidningen Lokala Livet \u00c5tvidaberg (\u00c5tvidabergsplatsen)<\/h1>\r\n<h2 id=\"h-fordelar-for-dig-som-annonsor\">F\u00f6rdelar f\u00f6r Dig som annons\u00f6r!<\/h2>\r\n\r\n\r\n\r\n<p><strong>Vi \u00e4r gratistidning och n\u00e5r 100% av alla hush\u00e5ll.<\/strong><br \/>Vi n\u00e5r \u00e4ven alla f\u00f6retag i \u00c5tvidabergs kommun (postnummeromr\u00e5de 597), <br \/>Sturefors (58963, 58964 och 58965) och Link\u00f6ping (postnummeromr\u00e5de 58595).<br \/>\u00c5tvidabergsplatsen delas ut i 7.500 exemplar. (nr 1-7 och 10-15)<\/p>\r\n\r\n\r\n\r\n<p><strong>Vi har ut\u00f6kad utdelning till alla fritidshus i <span style=\"text-decoration: underline;\">hela<\/span> utdelningsomr\u00e5det i juni- och julinumren.<\/strong><br \/>\u00c5tvidabergsplatsen delas ut i 9.000 exemplar (nr 8) och 8.000 exemplar (nr 9)<br \/>Juninumret, nr 8, \u00e4r en sommarguide som \u00e4ven kommer att finnas p\u00e5 turistbyr\u00e5er.<\/p><div class=\"media-i-artikeltexten media-entity-placement\" id=\"media-245171073\"><div id=\"exempelannons\" class=\"exempelannons\" style=\"margin-left: auto;margin-right: auto;text-align: center;\"><a href=\"https:\/\/google.se\" aria-label=\"ad_placeholder\"><img loading=\"lazy\" decoding=\"async\" src=\"https:\/\/kunder.bulta.se\/mediatrio24\/wp-content\/uploads\/2024\/06\/ad_placeholder-e1725346111228.png\" alt=\"\"  srcset=\"https:\/\/kunder.bulta.se\/mediatrio24\/wp-content\/uploads\/2024\/06\/ad_placeholder-e1725346111228.png 1692w, https:\/\/kunder.bulta.se\/mediatrio24\/wp-content\/uploads\/2024\/06\/ad_placeholder-e1725346111228-300x133.png 300w, https:\/\/kunder.bulta.se\/mediatrio24\/wp-content\/uploads\/2024\/06\/ad_placeholder-e1725346111228-1024x455.png 1024w, https:\/\/kunder.bulta.se\/mediatrio24\/wp-content\/uploads\/2024\/06\/ad_placeholder-e1725346111228-768x341.png 768w, https:\/\/kunder.bulta.se\/mediatrio24\/wp-content\/uploads\/2024\/06\/ad_placeholder-e1725346111228-1536x683.png 1536w, https:\/\/kunder.bulta.se\/mediatrio24\/wp-content\/uploads\/2024\/06\/ad_placeholder-e1725346111228-1080x480.png 1080w\" sizes=\"(max-width: 1692px) 100vw, 1692px\" width=\"1692\" height=\"872\"  style=\"display: inline-block;\" \/><\/a><\/div><\/div>\r\n\r\n\r\n\r\n<p><strong>Vi kommer ut p\u00e5 torsdagar\/fredagar.<\/strong><br \/>Fr\u00e5n och med 31\/1 2022 delas tidningen ut under tv\u00e5 dagar, <br \/>halva kommundelen dag 1 och andra halvan dag 2.<br \/>Tidningen delas ut p\u00e5 torsdagar\/fredagar. Kan variera beroende p\u00e5 m\u00e5nad.<\/p>\r\n\r\n\r\n\r\n<p><strong>Vi hj\u00e4lper dig att g\u00f6ra din annons.<\/strong><br \/>Beh\u00f6ver du hj\u00e4lp att g\u00f6ra din annons s\u00e5 ing\u00e5r det i priset.<br \/>Du f\u00e5r ett f\u00f6rslag att godk\u00e4nna innan vi g\u00e5r i tryck.<br \/><br \/>Att vi \u00e4r gratistidning m\u00f6jligg\u00f6r kortare tid mellan annonsbokning och utgivning.<\/p>\r\n\r\n\r\n\r\n<h2 class=\"wp-block-heading\" id=\"h-rabatter-och-priser\">Rabatter och priser<\/h2>\r\n\r\n\r\n\r\n<p>Vi erbjuder ett rabattsystem:<br \/><strong>5 annonser &#8211; 5 % rabatt <\/strong><br \/><strong>10 annonser &#8211; 10 % rabatt<\/strong><br \/><strong>15 annonser &#8211; 15 % rabatt<\/strong><br \/>G\u00e4ller vid samtidig bokning av annonser och med f\u00e4rdigt annonsmaterial eller upprepning av samma annons.<\/p>\r\n\r\n\r\n\r\n<p>Vi har \u00e4ven ett erbjudande till nystartade f\u00f6retagare.<br \/><strong>Boka 4 annonser och vi bjuder p\u00e5 4:e annonsen<\/strong><br \/>Ska vara samma storlek, annars minsta annonsstorleken om du v\u00e4ljer olika storlekar p\u00e5 annons.<br \/><br \/><strong>OBS! M\u00e5ste bokas i f\u00f6rv\u00e4g.<\/strong><\/p>\r\n\r\n\r\n\r\n<p><strong>Kontakta oss f\u00f6r information om v\u00e5ra annonspriser och erbjudanden<\/strong><br \/>Ring 0120-121 61 eller skicka mejl till <a href=\"mailto:frida@mediatrio.se\">frida@mediatrio.se<\/a>.<\/p>\r\n\r\n\r\n\r\n<p>\u00c5tvidabergsplatsen kommer ut till hush\u00e5ll i \u00c5tvidabergs kommun (postnummeromr\u00e5de 597), <br \/>Sturefors (58963, 58964 och 58965) och Link\u00f6ping (postnummeromr\u00e5de 58595).<br \/><br \/>\u00c5tvidabergsplatsen kommer \u00e4ven ut till alla f\u00f6retag och kontor i utgivningsomr\u00e5det.<br \/><br \/>I juni och juli kommer vi, f\u00f6rutom ordinarie utdelning, \u00e4ven ut till fritidsboende i hela <br \/>utgivningsomr\u00e5det. Juninumret \u00e4r en sommarguide som \u00e4ven kommer att finnas p\u00e5 turistbyr\u00e5er.<\/p>\r\n<hr \/>\r\n\r\n\r\n\r\n\r\n<p>\u00c5tvidabergsplatsen kommer ut till hush\u00e5ll i \u00c5tvidabergs kommun (postnummeromr\u00e5de 597), <br \/>Sturefors (58963, 58964 och 58965) och Link\u00f6ping (postnummeromr\u00e5de 58595).<br \/><br \/>\u00c5tvidabergsplatsen kommer \u00e4ven ut till alla f\u00f6retag och kontor i utgivningsomr\u00e5det.<br \/><br \/>I juni och juli kommer vi, f\u00f6rutom ordinarie utdelning, \u00e4ven ut till fritidsboende i hela <br \/>utgivningsomr\u00e5det. Juninumret \u00e4r en sommarguide som \u00e4ven kommer att finnas p\u00e5 turistbyr\u00e5er.<\/p>\r\n\r\n\r\n\r\n<h2 class=\"wp-block-heading\" id=\"h-vi-nar-ut-till-era-primara-kunder\">Vi n\u00e5r ut till era prim\u00e4ra kunder!<\/h2>\r\n\r\n<p><img loading=\"lazy\" decoding=\"async\" class=\"wp-image-9056 alignnone\" src=\"https:\/\/kunder.bulta.se\/mediatrio24\/wp-content\/uploads\/2023\/02\/Karta-utgivningsomradet-VAG-2023-1024x714.jpg\" alt=\"\" width=\"754\" height=\"525\" srcset=\"https:\/\/kunder.bulta.se\/mediatrio24\/wp-content\/uploads\/2023\/02\/Karta-utgivningsomradet-VAG-2023-1024x714.jpg 1024w, https:\/\/kunder.bulta.se\/mediatrio24\/wp-content\/uploads\/2023\/02\/Karta-utgivningsomradet-VAG-2023-300x209.jpg 300w, https:\/\/kunder.bulta.se\/mediatrio24\/wp-content\/uploads\/2023\/02\/Karta-utgivningsomradet-VAG-2023-768x535.jpg 768w, https:\/\/kunder.bulta.se\/mediatrio24\/wp-content\/uploads\/2023\/02\/Karta-utgivningsomradet-VAG-2023-392x272.jpg 392w, https:\/\/kunder.bulta.se\/mediatrio24\/wp-content\/uploads\/2023\/02\/Karta-utgivningsomradet-VAG-2023-130x90.jpg 130w, https:\/\/kunder.bulta.se\/mediatrio24\/wp-content\/uploads\/2023\/02\/Karta-utgivningsomradet-VAG-2023.jpg 1430w\" sizes=\"auto, (max-width: 754px) 100vw, 754px\" \/><\/p>\r\n<hr \/>\r\n<h1>\u00a0<\/h1>\r\n<h1>Utgivningsdatum \u00c5tvidabergsplatsen 2024<\/h1>\r\n<p>&nbsp;<\/p>\r\n<!-- \/wp:post-content -->\r\n\r\n<!-- wp:table {\"className\":\"is-style-stripes\"} -->\r\n<figure class=\"wp-block-table is-style-stripes\">\r\n<table>\r\n<tbody>\r\n<tr>\r\n<td><strong>Nummer<\/strong><\/td>\r\n<td><strong>Utgivningsdatum<\/strong><\/td>\r\n<td><strong>Annonsbokning<\/strong><br \/>(Senast kl. 16.00)<\/td>\r\n<td><strong>Upplaga<\/strong><\/td>\r\n<\/tr>\r\n<tr>\r\n<td><strong>Januari<\/strong><br \/><em>Nummer 1<\/em><\/td>\r\n<td><strong>Torsdag 18\/1 &amp; Fredag 19\/1<\/strong> v. 3<\/td>\r\n<td>Fredag 5\/1<\/td>\r\n<td>Ordinarie<br \/>7.600 ex<\/td>\r\n<\/tr>\r\n<tr>\r\n<td><strong>Februari<\/strong><br \/><em>Nummer 2<\/em><\/td>\r\n<td><strong>Torsdag 8\/2<\/strong> <strong>&amp; Fredag 9\/2<\/strong> v. 6<br \/><em>Alla hj\u00e4rtans dag,<\/em> <em>Sportlov<\/em><\/td>\r\n<td>Fredag 26\/1<\/td>\r\n<td>Ordinarie<br \/>7.600 ex<\/td>\r\n<\/tr>\r\n<tr>\r\n<td><strong>Mars<\/strong><br \/><em>Nummer 3<\/em><\/td>\r\n<td><strong>Torsdag 29\/2 &amp; Fredag 1\/3<\/strong> v. 9<\/td>\r\n<td>Fredag 16\/2<\/td>\r\n<td>Ordinarie<br \/>7.600 ex<\/td>\r\n<\/tr>\r\n<tr>\r\n<td><strong>Mars<\/strong><br \/><em>Nummer 4<\/em><\/td>\r\n<td><strong>Torsdag 21\/3<\/strong> <strong>&amp; Fredag 22\/3<\/strong>, v. 12<br \/><em>P\u00e5sk<\/em><\/td>\r\n<td>Fredag 8\/3<\/td>\r\n<td>Ordinarie<br \/>7.600 ex<\/td>\r\n<\/tr>\r\n<tr>\r\n<td><strong>April<\/strong><br \/><em>Nummer 5<\/em><\/td>\r\n<td><strong>Torsdag 11\/4<\/strong> <strong>&amp; Fredag 12\/4<\/strong> v. 15<br \/><em>Valborg, 1:a maj<\/em><\/td>\r\n<td>Torsdag 28\/3<\/td>\r\n<td>Ordinarie<br \/>7.600 ex<\/td>\r\n<\/tr>\r\n<tr>\r\n<td><strong>Maj<\/strong><br \/><em>Nummer 6<\/em><\/td>\r\n<td><strong>Torsdag 2\/5<\/strong> <strong>&amp; Fredag 3\/5<\/strong> v. 18<br \/><em><em>Kristi Himmelsf\u00e4rds dag<\/em>, <em>Pingst<\/em><\/em><\/td>\r\n<td>Fredag 19\/4<\/td>\r\n<td>Ordinarie<br \/>7.600 ex<\/td>\r\n<\/tr>\r\n<tr>\r\n<td><strong>Maj<\/strong><br \/><em>Nummer 7<\/em><\/td>\r\n<td><strong>Torsdag 23\/5<\/strong> <strong>&amp; Fredag 24\/5<\/strong> v. 21<br \/><em>Mors Dag<em>, <em>Nationaldagen<\/em> <\/em><\/em><\/td>\r\n<td>Fredag 10\/5<\/td>\r\n<td>Ordinarie<br \/>7.600 ex<\/td>\r\n<\/tr>\r\n<tr>\r\n<td><strong>Juni<\/strong><br \/><em>Nummer 8<\/em> <br \/><strong><em>Sommarguide<\/em><\/strong><\/td>\r\n<td><strong>Torsdag 13\/6 &amp; Fredag 14\/6<\/strong> v. 24<br \/><em>Midsommar, sommarh\u00e4lsning<\/em><\/td>\r\n<td>Fredag 31\/5<br \/><br \/><\/td>\r\n<td>Ordinarie +<br \/>fritidshush\u00e5ll <br \/>9.000 ex<\/td>\r\n<\/tr>\r\n<tr>\r\n<td><strong>Juli<\/strong><br \/><em>Nummer 9<\/em><\/td>\r\n<td><strong>Torsdag 4\/7<\/strong> <strong>&amp; Fredag 5\/7<\/strong> v. 27 <br \/><br \/><\/td>\r\n<td>Torsdag 20\/6 <br \/><br \/><\/td>\r\n<td>Ordinarie +<br \/>fritidshush\u00e5ll <br \/>8.200 ex<\/td>\r\n<\/tr>\r\n<tr>\r\n<td><strong>Augusti<\/strong><br \/><em>Nummer 10<\/em><\/td>\r\n<td><strong>Torsdag 22\/8<\/strong> <strong>&amp; Fredag 23\/8<\/strong> v. 34<\/td>\r\n<td>Fredag 9\/8<\/td>\r\n<td>Ordinarie <br \/>7.600 ex<\/td>\r\n<\/tr>\r\n<tr>\r\n<td><strong>September<\/strong><br \/><em>Nummer 11<\/em><\/td>\r\n<td><strong>Torsdag 12\/9<\/strong> <strong>&amp; Fredag 13\/9<\/strong> v. 37<\/td>\r\n<td>Fredag 30\/8<\/td>\r\n<td>Ordinarie <br \/>7.600 ex<\/td>\r\n<\/tr>\r\n<tr>\r\n<td><strong>Oktober<\/strong><br \/><em>Nummer 12<\/em><\/td>\r\n<td><strong>Torsdag 3\/10<\/strong> <strong>&amp; Fredag 4\/10<\/strong> v. 40<\/td>\r\n<td>Fredag 20\/9<\/td>\r\n<td>Ordinarie <br \/>7.600 ex<\/td>\r\n<\/tr>\r\n<tr>\r\n<td><strong>Oktober<\/strong><br \/><em>Nummer 13<\/em><\/td>\r\n<td><strong>Torsdag 24\/10<\/strong> <strong>&amp; Fredag 25\/10<\/strong> v. 43<br \/><em>Halloween, Alla Helgons dag, Fars dag<\/em><\/td>\r\n<td>Fredag 11\/10<\/td>\r\n<td>Ordinarie<br \/>7.600 ex<\/td>\r\n<\/tr>\r\n<tr>\r\n<td><strong>November<\/strong> <br \/><em>Nummer 14<\/em><\/td>\r\n<td><strong>Torsdag 14\/11<\/strong> <strong>&amp; Fredag 15\/11<\/strong> v. 46<br \/><em>1:a advent<\/em>,<em> Julmarknader<\/em><\/td>\r\n<td>Fredag 1\/11<\/td>\r\n<td>Ordinarie<br \/>7.600 ex<\/td>\r\n<\/tr>\r\n<tr>\r\n<td><strong>December<\/strong> <br \/><em>Nummer 15<\/em><\/td>\r\n<td><strong>Torsdag 5\/12<\/strong> <strong>&amp; Fredag 6\/12<\/strong> v. 49 <br \/><em>Lucia, Jul-, ny\u00e5rs- och trettonhelgen, Julh\u00e4lsning<\/em><\/td>\r\n<td>Fredag 22\/11<\/td>\r\n<td>Ordinarie<br \/>7.600 ex<\/td>\r\n<\/tr>\r\n<\/tbody>\r\n<\/table>\r\n<figcaption class=\"wp-element-caption\"><br \/>\u00c5tvidabergsplatsen delas ut under tv\u00e5 dagar, halva kommundelen dag 1 och andra halvan dag 2, enligt Postnords varannandagsutdelning.<br \/>Med reservation f\u00f6r \u00e4ndringar.<\/figcaption>\r\n<\/figure>\r\n<!-- \/wp:table -->\r\n\r\n<!-- wp:paragraph -->\r\n<p>&nbsp;<\/p>\r\n<!-- \/wp:paragraph -->\r\n\r\n<!-- wp:paragraph -->\r\n<p>&nbsp;<\/p>\r\n<!-- \/wp:paragraph --><div class=\"media-efter-artikeltexten media-entity-placement\" id=\"media-147831415\"><div id=\"exempelannons\" class=\"exempelannons\" style=\"margin-left: auto;margin-right: auto;text-align: center;\"><a href=\"https:\/\/google.se\" aria-label=\"ad_placeholder\"><img loading=\"lazy\" decoding=\"async\" src=\"https:\/\/kunder.bulta.se\/mediatrio24\/wp-content\/uploads\/2024\/06\/ad_placeholder-e1725346111228.png\" alt=\"\"  srcset=\"https:\/\/kunder.bulta.se\/mediatrio24\/wp-content\/uploads\/2024\/06\/ad_placeholder-e1725346111228.png 1692w, https:\/\/kunder.bulta.se\/mediatrio24\/wp-content\/uploads\/2024\/06\/ad_placeholder-e1725346111228-300x133.png 300w, https:\/\/kunder.bulta.se\/mediatrio24\/wp-content\/uploads\/2024\/06\/ad_placeholder-e1725346111228-1024x455.png 1024w, https:\/\/kunder.bulta.se\/mediatrio24\/wp-content\/uploads\/2024\/06\/ad_placeholder-e1725346111228-768x341.png 768w, https:\/\/kunder.bulta.se\/mediatrio24\/wp-content\/uploads\/2024\/06\/ad_placeholder-e1725346111228-1536x683.png 1536w, https:\/\/kunder.bulta.se\/mediatrio24\/wp-content\/uploads\/2024\/06\/ad_placeholder-e1725346111228-1080x480.png 1080w\" sizes=\"(max-width: 1692px) 100vw, 1692px\" width=\"1692\" height=\"872\"  style=\"display: inline-block;\" \/><\/a><\/div><\/div>","protected":false},"excerpt":{"rendered":"<p>Till annonser i papperstidningen Lokala Livet \u00c5tvidaberg (\u00c5tvidabergsplatsen) F\u00f6rdelar f\u00f6r Dig som annons\u00f6r! Vi \u00e4r gratistidning och n\u00e5r 100% av alla hush\u00e5ll.Vi n\u00e5r \u00e4ven alla f\u00f6retag i \u00c5tvidabergs kommun (postnummeromr\u00e5de 597), Sturefors (58963, 58964 och 58965) och Link\u00f6ping (postnummeromr\u00e5de 58595).\u00c5tvidabergsplatsen delas ut i 7.500 exemplar. (nr 1-7 och 10-15) Vi har ut\u00f6kad utdelning till alla [&hellip;]<\/p>\n","protected":false},"author":3,"featured_media":0,"parent":11392,"menu_order":0,"comment_status":"closed","ping_status":"closed","template":"","meta":{"_et_pb_use_builder":"","_et_pb_old_content":"","_et_gb_content_width":"","_exactmetrics_skip_tracking":false,"_exactmetrics_sitenote_active":false,"_exactmetrics_sitenote_note":"","_exactmetrics_sitenote_category":0,"_monsterinsights_skip_tracking":false,"_monsterinsights_sitenote_active":false,"_monsterinsights_sitenote_note":"","_monsterinsights_sitenote_category":0,"footnotes":""},"class_list":["post-6921","page","type-page","status-publish","hentry"],"yoast_head":"<!-- This site is optimized with the Yoast SEO Premium plugin v21.8 (Yoast SEO v27.3) - https:\/\/yoast.com\/product\/yoast-seo-premium-wordpress\/ -->\n<title>Information om annonsering i omr\u00e5det \u00c5tvidaberg - MediaTrio AB | Tidningar | Fokus p\u00e5 det lokala livet<\/title>\n<meta name=\"robots\" content=\"noindex, follow, max-snippet:-1, max-image-preview:large, max-video-preview:-1\" \/>\n<meta property=\"og:locale\" content=\"sv_SE\" \/>\n<meta property=\"og:type\" content=\"article\" \/>\n<meta property=\"og:title\" content=\"Information om annonsering i omr\u00e5det \u00c5tvidaberg\" \/>\n<meta property=\"og:description\" content=\"Till annonser i papperstidningen Lokala Livet \u00c5tvidaberg (\u00c5tvidabergsplatsen) F\u00f6rdelar f\u00f6r Dig som annons\u00f6r! Vi \u00e4r gratistidning och n\u00e5r 100% av alla hush\u00e5ll.Vi n\u00e5r \u00e4ven alla f\u00f6retag i \u00c5tvidabergs kommun (postnummeromr\u00e5de 597), Sturefors (58963, 58964 och 58965) och Link\u00f6ping (postnummeromr\u00e5de 58595).\u00c5tvidabergsplatsen delas ut i 7.500 exemplar. (nr 1-7 och 10-15) Vi har ut\u00f6kad utdelning till alla [&hellip;]\" \/>\n<meta property=\"og:url\" content=\"https:\/\/kunder.bulta.se\/mediatrio24\/annonsera\/tryckta-tidningsannonser\/info-annonsering-atvidaberg\/\" \/>\n<meta property=\"og:site_name\" content=\"MediaTrio AB | Tidningar | Fokus p\u00e5 det lokala livet\" \/>\n<meta property=\"article:publisher\" content=\"http:\/\/www.facebook.com\/mediatrio\" \/>\n<meta property=\"article:modified_time\" content=\"2024-06-19T14:23:27+00:00\" \/>\n<meta property=\"og:image\" content=\"https:\/\/kunder.bulta.se\/mediatrio24\/wp-content\/uploads\/2023\/02\/Karta-utgivningsomradet-VAG-2023-1024x714.jpg\" \/>\n<meta name=\"twitter:card\" content=\"summary_large_image\" \/>\n<meta name=\"twitter:site\" content=\"@turistcenter\" \/>\n<meta name=\"twitter:label1\" content=\"Ber\u00e4knad l\u00e4stid\" \/>\n\t<meta name=\"twitter:data1\" content=\"4 minuter\" \/>\n<!-- \/ Yoast SEO Premium plugin. -->","yoast_head_json":{"title":"Information om annonsering i omr\u00e5det \u00c5tvidaberg - MediaTrio AB | Tidningar | Fokus p\u00e5 det lokala livet","robots":{"index":"noindex","follow":"follow","max-snippet":"max-snippet:-1","max-image-preview":"max-image-preview:large","max-video-preview":"max-video-preview:-1"},"og_locale":"sv_SE","og_type":"article","og_title":"Information om annonsering i omr\u00e5det \u00c5tvidaberg","og_description":"Till annonser i papperstidningen Lokala Livet \u00c5tvidaberg (\u00c5tvidabergsplatsen) F\u00f6rdelar f\u00f6r Dig som annons\u00f6r! Vi \u00e4r gratistidning och n\u00e5r 100% av alla hush\u00e5ll.Vi n\u00e5r \u00e4ven alla f\u00f6retag i \u00c5tvidabergs kommun (postnummeromr\u00e5de 597), Sturefors (58963, 58964 och 58965) och Link\u00f6ping (postnummeromr\u00e5de 58595).\u00c5tvidabergsplatsen delas ut i 7.500 exemplar. (nr 1-7 och 10-15) Vi har ut\u00f6kad utdelning till alla [&hellip;]","og_url":"https:\/\/kunder.bulta.se\/mediatrio24\/annonsera\/tryckta-tidningsannonser\/info-annonsering-atvidaberg\/","og_site_name":"MediaTrio AB | Tidningar | Fokus p\u00e5 det lokala livet","article_publisher":"http:\/\/www.facebook.com\/mediatrio","article_modified_time":"2024-06-19T14:23:27+00:00","og_image":[{"url":"https:\/\/kunder.bulta.se\/mediatrio24\/wp-content\/uploads\/2023\/02\/Karta-utgivningsomradet-VAG-2023-1024x714.jpg","type":"","width":"","height":""}],"twitter_card":"summary_large_image","twitter_site":"@turistcenter","twitter_misc":{"Ber\u00e4knad l\u00e4stid":"4 minuter"},"schema":{"@context":"https:\/\/schema.org","@graph":[{"@type":"WebPage","@id":"https:\/\/kunder.bulta.se\/mediatrio24\/annonsera\/tryckta-tidningsannonser\/info-annonsering-atvidaberg\/","url":"https:\/\/kunder.bulta.se\/mediatrio24\/annonsera\/tryckta-tidningsannonser\/info-annonsering-atvidaberg\/","name":"Information om annonsering i omr\u00e5det \u00c5tvidaberg - MediaTrio AB | Tidningar | Fokus p\u00e5 det lokala livet","isPartOf":{"@id":"http:\/\/kunder.bulta.se\/mediatrio24\/#website"},"primaryImageOfPage":{"@id":"https:\/\/kunder.bulta.se\/mediatrio24\/annonsera\/tryckta-tidningsannonser\/info-annonsering-atvidaberg\/#primaryimage"},"image":{"@id":"https:\/\/kunder.bulta.se\/mediatrio24\/annonsera\/tryckta-tidningsannonser\/info-annonsering-atvidaberg\/#primaryimage"},"thumbnailUrl":"https:\/\/kunder.bulta.se\/mediatrio24\/wp-content\/uploads\/2023\/02\/Karta-utgivningsomradet-VAG-2023-1024x714.jpg","datePublished":"2022-01-03T13:42:00+00:00","dateModified":"2024-06-19T14:23:27+00:00","breadcrumb":{"@id":"https:\/\/kunder.bulta.se\/mediatrio24\/annonsera\/tryckta-tidningsannonser\/info-annonsering-atvidaberg\/#breadcrumb"},"inLanguage":"sv-SE","potentialAction":[{"@type":"ReadAction","target":["https:\/\/kunder.bulta.se\/mediatrio24\/annonsera\/tryckta-tidningsannonser\/info-annonsering-atvidaberg\/"]}]},{"@type":"ImageObject","inLanguage":"sv-SE","@id":"https:\/\/kunder.bulta.se\/mediatrio24\/annonsera\/tryckta-tidningsannonser\/info-annonsering-atvidaberg\/#primaryimage","url":"https:\/\/kunder.bulta.se\/mediatrio24\/wp-content\/uploads\/2023\/02\/Karta-utgivningsomradet-VAG-2023.jpg","contentUrl":"https:\/\/kunder.bulta.se\/mediatrio24\/wp-content\/uploads\/2023\/02\/Karta-utgivningsomradet-VAG-2023.jpg","width":1430,"height":997},{"@type":"BreadcrumbList","@id":"https:\/\/kunder.bulta.se\/mediatrio24\/annonsera\/tryckta-tidningsannonser\/info-annonsering-atvidaberg\/#breadcrumb","itemListElement":[{"@type":"ListItem","position":1,"name":"Hem","item":"http:\/\/kunder.bulta.se\/mediatrio24\/"},{"@type":"ListItem","position":2,"name":"Annonsera i Lokala Livet","item":"https:\/\/kunder.bulta.se\/mediatrio24\/annonsera\/"},{"@type":"ListItem","position":3,"name":"Tryckta tidningsannonser","item":"https:\/\/kunder.bulta.se\/mediatrio24\/annonsera\/tryckta-tidningsannonser\/"},{"@type":"ListItem","position":4,"name":"Information om annonsering i omr\u00e5det \u00c5tvidaberg"}]},{"@type":"WebSite","@id":"http:\/\/kunder.bulta.se\/mediatrio24\/#website","url":"http:\/\/kunder.bulta.se\/mediatrio24\/","name":"MediaTrio AB | Tidningar | Fokus p\u00e5 det lokala livet","description":"ValdemarsviksBladet | \u00c5tvidabergsplatsen | Gamlebyplatsen","publisher":{"@id":"http:\/\/kunder.bulta.se\/mediatrio24\/#organization"},"potentialAction":[{"@type":"SearchAction","target":{"@type":"EntryPoint","urlTemplate":"http:\/\/kunder.bulta.se\/mediatrio24\/?s={search_term_string}"},"query-input":{"@type":"PropertyValueSpecification","valueRequired":true,"valueName":"search_term_string"}}],"inLanguage":"sv-SE"},{"@type":"Organization","@id":"http:\/\/kunder.bulta.se\/mediatrio24\/#organization","name":"MediaTrio AB","url":"http:\/\/kunder.bulta.se\/mediatrio24\/","logo":{"@type":"ImageObject","inLanguage":"sv-SE","@id":"http:\/\/kunder.bulta.se\/mediatrio24\/#\/schema\/logo\/image\/","url":"https:\/\/kunder.bulta.se\/mediatrio24\/wp-content\/uploads\/2022\/08\/4BB26FAD-690D-4B82-82AC-2254E508623D.jpeg","contentUrl":"https:\/\/kunder.bulta.se\/mediatrio24\/wp-content\/uploads\/2022\/08\/4BB26FAD-690D-4B82-82AC-2254E508623D.jpeg","width":2160,"height":1232,"caption":"MediaTrio AB"},"image":{"@id":"http:\/\/kunder.bulta.se\/mediatrio24\/#\/schema\/logo\/image\/"},"sameAs":["http:\/\/www.facebook.com\/mediatrio","https:\/\/x.com\/turistcenter","http:\/\/www.facebook.com\/valdemarsviksbladet","http:\/\/www.facebook.com\/atvidabergsplatsen","http:\/\/www.facebook.com\/gamlebyplatsen","http:\/\/www.facebook.com\/valdemarsviksportalen"]}]}},"_links":{"self":[{"href":"https:\/\/kunder.bulta.se\/mediatrio24\/wp-json\/wp\/v2\/pages\/6921","targetHints":{"allow":["GET"]}}],"collection":[{"href":"https:\/\/kunder.bulta.se\/mediatrio24\/wp-json\/wp\/v2\/pages"}],"about":[{"href":"https:\/\/kunder.bulta.se\/mediatrio24\/wp-json\/wp\/v2\/types\/page"}],"author":[{"embeddable":true,"href":"https:\/\/kunder.bulta.se\/mediatrio24\/wp-json\/wp\/v2\/users\/3"}],"replies":[{"embeddable":true,"href":"https:\/\/kunder.bulta.se\/mediatrio24\/wp-json\/wp\/v2\/comments?post=6921"}],"version-history":[{"count":5,"href":"https:\/\/kunder.bulta.se\/mediatrio24\/wp-json\/wp\/v2\/pages\/6921\/revisions"}],"predecessor-version":[{"id":11429,"href":"https:\/\/kunder.bulta.se\/mediatrio24\/wp-json\/wp\/v2\/pages\/6921\/revisions\/11429"}],"up":[{"embeddable":true,"href":"https:\/\/kunder.bulta.se\/mediatrio24\/wp-json\/wp\/v2\/pages\/11392"}],"wp:attachment":[{"href":"https:\/\/kunder.bulta.se\/mediatrio24\/wp-json\/wp\/v2\/media?parent=6921"}],"curies":[{"name":"wp","href":"https:\/\/api.w.org\/{rel}","templated":true}]}}