{"id":11432,"date":"2024-06-19T17:07:39","date_gmt":"2024-06-19T15:07:39","guid":{"rendered":"https:\/\/kunder.bulta.se\/mediatrio24\/?page_id=11432"},"modified":"2024-06-27T16:24:48","modified_gmt":"2024-06-27T14:24:48","slug":"kontakt","status":"publish","type":"page","link":"https:\/\/kunder.bulta.se\/mediatrio24\/kontakt\/","title":{"rendered":"Kontakt"},"content":{"rendered":"<div class=\"media-innan-artikeltexten media-entity-placement\" id=\"media-3592503466\"><div id=\"exempelannons\" class=\"exempelannons\" style=\"margin-left: auto;margin-right: auto;text-align: center;\"><a href=\"https:\/\/google.se\" aria-label=\"ad_placeholder\"><img loading=\"lazy\" decoding=\"async\" src=\"https:\/\/kunder.bulta.se\/mediatrio24\/wp-content\/uploads\/2024\/06\/ad_placeholder-e1725346111228.png\" alt=\"\"  srcset=\"https:\/\/kunder.bulta.se\/mediatrio24\/wp-content\/uploads\/2024\/06\/ad_placeholder-e1725346111228.png 1692w, https:\/\/kunder.bulta.se\/mediatrio24\/wp-content\/uploads\/2024\/06\/ad_placeholder-e1725346111228-300x133.png 300w, https:\/\/kunder.bulta.se\/mediatrio24\/wp-content\/uploads\/2024\/06\/ad_placeholder-e1725346111228-1024x455.png 1024w, https:\/\/kunder.bulta.se\/mediatrio24\/wp-content\/uploads\/2024\/06\/ad_placeholder-e1725346111228-768x341.png 768w, https:\/\/kunder.bulta.se\/mediatrio24\/wp-content\/uploads\/2024\/06\/ad_placeholder-e1725346111228-1536x683.png 1536w, https:\/\/kunder.bulta.se\/mediatrio24\/wp-content\/uploads\/2024\/06\/ad_placeholder-e1725346111228-1080x480.png 1080w\" sizes=\"(max-width: 1692px) 100vw, 1692px\" width=\"1692\" height=\"872\"  style=\"display: inline-block;\" \/><\/a><\/div><\/div><h1>Lokala Livet &#8211; nyheter och n\u00e4rheter<\/h1>\n<p>Lokala Livet best\u00e5r av de tre papperstidningarna och en digital nyhetsplattsform, f\u00f6r lokala nyheter om vad som sker i bygden och personliga n\u00e4rheter och reportage om m\u00e4nniskorna.<\/p>\n<h2>Markeriet &#8211; Media och kommunikation<\/h2>\n<p>Varum\u00e4rket Lokala Livet \u00e4gs och f\u00f6rvaltas av Markeriet, som ocks\u00e5 skapar inneh\u00e5ll med lokalt v\u00e4rde f\u00f6r Lokala Livet. Du hittar mer om Markeriet p\u00e5 www&#8230;<\/p><div class=\"media-i-artikeltexten media-entity-placement\" id=\"media-759164473\"><div id=\"exempelannons\" class=\"exempelannons\" style=\"margin-left: auto;margin-right: auto;text-align: center;\"><a href=\"https:\/\/google.se\" aria-label=\"ad_placeholder\"><img loading=\"lazy\" decoding=\"async\" src=\"https:\/\/kunder.bulta.se\/mediatrio24\/wp-content\/uploads\/2024\/06\/ad_placeholder-e1725346111228.png\" alt=\"\"  srcset=\"https:\/\/kunder.bulta.se\/mediatrio24\/wp-content\/uploads\/2024\/06\/ad_placeholder-e1725346111228.png 1692w, https:\/\/kunder.bulta.se\/mediatrio24\/wp-content\/uploads\/2024\/06\/ad_placeholder-e1725346111228-300x133.png 300w, https:\/\/kunder.bulta.se\/mediatrio24\/wp-content\/uploads\/2024\/06\/ad_placeholder-e1725346111228-1024x455.png 1024w, https:\/\/kunder.bulta.se\/mediatrio24\/wp-content\/uploads\/2024\/06\/ad_placeholder-e1725346111228-768x341.png 768w, https:\/\/kunder.bulta.se\/mediatrio24\/wp-content\/uploads\/2024\/06\/ad_placeholder-e1725346111228-1536x683.png 1536w, https:\/\/kunder.bulta.se\/mediatrio24\/wp-content\/uploads\/2024\/06\/ad_placeholder-e1725346111228-1080x480.png 1080w\" sizes=\"(max-width: 1692px) 100vw, 1692px\" width=\"1692\" height=\"872\"  style=\"display: inline-block;\" \/><\/a><\/div><\/div>\n<hr \/>\n<h2>Bes\u00f6k oss<\/h2>\n<p>Vi \u00e4r ofta ute och r\u00f6r p\u00e5 oss f\u00f6r att f\u00e5nga in alla sp\u00e4nnande ber\u00e4ttelser fr\u00e5n bygden, men boka g\u00e4rna in ett m\u00f6te s\u00e5 att vi \u00e4r p\u00e5 plats.<\/p>\n<div>\n<aside id=\"text-3\"><strong>Valdemarsvikskontoret:<br \/>\n<\/strong>Storgatan 7<br \/>\n615 30 Valdemarsvik<span class=\"amp-wp-1866959\" data-amp-original-style=\"color: inherit; font-size: 1.56em; font-weight: 600;\"><strong><span class=\"amp-wp-db11729\" data-amp-original-style=\"font-weight: 600;\">\u00c5tvidabergskontoret:<\/span><\/strong><span class=\"amp-wp-db11729\" data-amp-original-style=\"font-weight: 600;\"><br \/>\n<\/span><\/span><\/p>\n<\/aside>\n<\/div>\n<aside id=\"text-3\"><\/aside>\n<p>Gamla Torget 1B (N\u00e4ringslivscentrum)<br \/>\n597 30 \u00c5tvidaberg<\/p>\n<hr \/>\n<h2>Kontakta oss<\/h2>\n<aside id=\"text-3\">\n<div>Telefon: 0123-121 81<\/div>\n<\/aside>\n<aside id=\"text-3\">\n<div>E-post \u00a0 \u00a0info@mediatrio.se<\/div>\n<\/aside>\n<hr \/>\n<h2>Medarbetare<\/h2>\n<p><strong>Anette Ekh<br \/>\n<\/strong><em>Redaktion Lokala Livet Valdemarsvik och Gamleby<br \/>\n<\/em>Telefon: 0123-121 81<br \/>\nE-post: anette@mediatrio.se<\/p>\n<p><strong>Maria Rolf<\/strong><br \/>\n<em>Annonsering Lokala Livet Valdemarsvik och Gamleby<br \/>\n<\/em>Telefon: 0123-121 81<br \/>\nMobil: 0702-390 331<br \/>\nE-post: maria@mediatrio.se<\/p>\n<div><strong>Frida Almqvist<br \/>\n<\/strong><em>Redaktion och annonsfr\u00e5gor Lokala Livet \u00c5tvidaberg<\/em><strong><br \/>\n<\/strong><\/div>\n<aside id=\"text-3\">\n<div>Telefon: 0120-121 61<\/div>\n<\/aside>\n<div>E-post: frida@mediatrio.se<\/div>\n<div><\/div>\n<div><strong>Thomas Ekh<\/strong><\/div>\n<div><em>Aff\u00e4rssamarbeten<\/em><\/div>\n<div>\n<aside id=\"text-3\">\n<div>Telefon: 0123-121 81<\/div>\n<\/aside>\n<aside id=\"text-3\">\n<div>E-post \u00a0 \u00a0info@mediatrio.se<\/div>\n<div><\/div>\n<\/aside>\n<\/div>\n<hr \/>\n<h2>Sociala medier<\/h2>\n<ul>\n<li>Facebook:\n<ul>\n<li><a class=\"monsterinsights-outbound-link\" href=\"https:\/\/www.facebook.com\/valdemarsviksbladet\/\" target=\"_blank\" rel=\"noreferrer noopener\" data-vars-category=\"outbound-link\" data-vars-action=\"https:\/\/www.facebook.com\/valdemarsviksbladet\/\" data-vars-label=\"ValdemarsviksBladet @ValdemarsviksBladet\">ValdemarsviksBladet @ValdemarsviksBladet<\/a><\/li>\n<li><a class=\"monsterinsights-outbound-link\" href=\"https:\/\/www.facebook.com\/Atvidabergsplatsen\" target=\"_blank\" rel=\"noopener noreferrer\" data-vars-category=\"outbound-link\" data-vars-action=\"https:\/\/www.facebook.com\/Atvidabergsplatsen\" data-vars-label=\"\u00c5tvidabergsplatsen @Atvidabergsplatsen\">\u00c5tvidabergsplatsen @Atvidabergsplatsen<\/a><\/li>\n<li><a class=\"monsterinsights-outbound-link\" href=\"https:\/\/www.facebook.com\/gamlebyplatsen\" target=\"_blank\" rel=\"noopener\" data-vars-category=\"outbound-link\" data-vars-action=\"https:\/\/www.facebook.com\/gamlebyplatsen\" data-vars-label=\"Gamlebyplatsen @Gamlebyplatsen\">Gamlebyplatsen @Gamlebyplatsen<\/a><\/li>\n<li><a class=\"monsterinsights-outbound-link\" href=\"https:\/\/www.facebook.com\/MediaTrio\" target=\"_blank\" rel=\"noopener noreferrer\" data-vars-category=\"outbound-link\" data-vars-action=\"https:\/\/www.facebook.com\/MediaTrio\" data-vars-label=\"MediaTrio AB @mediatrio\">MediaTrio AB @mediatrio<\/a><\/li>\n<\/ul>\n<\/li>\n<li>Linkedin:\n<ul>\n<li><a class=\"monsterinsights-outbound-link\" href=\"https:\/\/www.linkedin.com\/company\/76292743\/admin\/feed\/posts\/\" target=\"_blank\" rel=\"noopener noreferrer\" data-vars-category=\"outbound-link\" data-vars-action=\"https:\/\/www.linkedin.com\/company\/76292743\/admin\/feed\/posts\/\" data-vars-label=\"MediaTrio AB\">MediaTrio AB<\/a><\/li>\n<\/ul>\n<\/li>\n<\/ul>\n<p>&nbsp;<\/p>\n<p>&nbsp;<\/p>\n<p>&nbsp;<\/p>\n<div class=\"media-efter-artikeltexten media-entity-placement\" id=\"media-3480078610\"><div id=\"exempelannons\" class=\"exempelannons\" style=\"margin-left: auto;margin-right: auto;text-align: center;\"><a href=\"https:\/\/google.se\" aria-label=\"ad_placeholder\"><img loading=\"lazy\" decoding=\"async\" src=\"https:\/\/kunder.bulta.se\/mediatrio24\/wp-content\/uploads\/2024\/06\/ad_placeholder-e1725346111228.png\" alt=\"\"  srcset=\"https:\/\/kunder.bulta.se\/mediatrio24\/wp-content\/uploads\/2024\/06\/ad_placeholder-e1725346111228.png 1692w, https:\/\/kunder.bulta.se\/mediatrio24\/wp-content\/uploads\/2024\/06\/ad_placeholder-e1725346111228-300x133.png 300w, https:\/\/kunder.bulta.se\/mediatrio24\/wp-content\/uploads\/2024\/06\/ad_placeholder-e1725346111228-1024x455.png 1024w, https:\/\/kunder.bulta.se\/mediatrio24\/wp-content\/uploads\/2024\/06\/ad_placeholder-e1725346111228-768x341.png 768w, https:\/\/kunder.bulta.se\/mediatrio24\/wp-content\/uploads\/2024\/06\/ad_placeholder-e1725346111228-1536x683.png 1536w, https:\/\/kunder.bulta.se\/mediatrio24\/wp-content\/uploads\/2024\/06\/ad_placeholder-e1725346111228-1080x480.png 1080w\" sizes=\"(max-width: 1692px) 100vw, 1692px\" width=\"1692\" height=\"872\"  style=\"display: inline-block;\" \/><\/a><\/div><\/div>","protected":false},"excerpt":{"rendered":"<p>Lokala Livet &#8211; nyheter och n\u00e4rheter Lokala Livet best\u00e5r av de tre papperstidningarna och en digital nyhetsplattsform, f\u00f6r lokala nyheter om vad som sker i bygden och personliga n\u00e4rheter och reportage om m\u00e4nniskorna. Markeriet &#8211; Media och kommunikation Varum\u00e4rket Lokala Livet \u00e4gs och f\u00f6rvaltas av Markeriet, som ocks\u00e5 skapar inneh\u00e5ll med lokalt v\u00e4rde f\u00f6r Lokala [&hellip;]<\/p>\n","protected":false},"author":9,"featured_media":5893,"parent":0,"menu_order":0,"comment_status":"closed","ping_status":"closed","template":"","meta":{"_et_pb_use_builder":"","_et_pb_old_content":"","_et_gb_content_width":"","_exactmetrics_skip_tracking":false,"_exactmetrics_sitenote_active":false,"_exactmetrics_sitenote_note":"","_exactmetrics_sitenote_category":0,"_monsterinsights_skip_tracking":false,"_monsterinsights_sitenote_active":false,"_monsterinsights_sitenote_note":"","_monsterinsights_sitenote_category":0,"footnotes":""},"class_list":["post-11432","page","type-page","status-publish","has-post-thumbnail","hentry"],"yoast_head":"<!-- This site is optimized with the Yoast SEO Premium plugin v21.8 (Yoast SEO v27.3) - https:\/\/yoast.com\/product\/yoast-seo-premium-wordpress\/ -->\n<title>Kontakt - MediaTrio AB | Tidningar | Fokus p\u00e5 det lokala livet<\/title>\n<meta name=\"robots\" content=\"noindex, follow, max-snippet:-1, max-image-preview:large, max-video-preview:-1\" \/>\n<meta property=\"og:locale\" content=\"sv_SE\" \/>\n<meta property=\"og:type\" content=\"article\" \/>\n<meta property=\"og:title\" content=\"Kontakt\" \/>\n<meta property=\"og:description\" content=\"Lokala Livet &#8211; nyheter och n\u00e4rheter Lokala Livet best\u00e5r av de tre papperstidningarna och en digital nyhetsplattsform, f\u00f6r lokala nyheter om vad som sker i bygden och personliga n\u00e4rheter och reportage om m\u00e4nniskorna. Markeriet &#8211; Media och kommunikation Varum\u00e4rket Lokala Livet \u00e4gs och f\u00f6rvaltas av Markeriet, som ocks\u00e5 skapar inneh\u00e5ll med lokalt v\u00e4rde f\u00f6r Lokala [&hellip;]\" \/>\n<meta property=\"og:url\" content=\"https:\/\/kunder.bulta.se\/mediatrio24\/kontakt\/\" \/>\n<meta property=\"og:site_name\" content=\"MediaTrio AB | Tidningar | Fokus p\u00e5 det lokala livet\" \/>\n<meta property=\"article:publisher\" content=\"http:\/\/www.facebook.com\/mediatrio\" \/>\n<meta property=\"article:modified_time\" content=\"2024-06-27T14:24:48+00:00\" \/>\n<meta property=\"og:image\" content=\"https:\/\/kunder.bulta.se\/mediatrio24\/wp-content\/uploads\/2020\/05\/TuristcenteriValdemarsvikAB-Anette-Thomas.jpg\" \/>\n\t<meta property=\"og:image:width\" content=\"2048\" \/>\n\t<meta property=\"og:image:height\" content=\"1630\" \/>\n\t<meta property=\"og:image:type\" content=\"image\/jpeg\" \/>\n<meta name=\"twitter:card\" content=\"summary_large_image\" \/>\n<meta name=\"twitter:site\" content=\"@turistcenter\" \/>\n<meta name=\"twitter:label1\" content=\"Ber\u00e4knad l\u00e4stid\" \/>\n\t<meta name=\"twitter:data1\" content=\"1 minut\" \/>\n<!-- \/ Yoast SEO Premium plugin. -->","yoast_head_json":{"title":"Kontakt - MediaTrio AB | Tidningar | Fokus p\u00e5 det lokala livet","robots":{"index":"noindex","follow":"follow","max-snippet":"max-snippet:-1","max-image-preview":"max-image-preview:large","max-video-preview":"max-video-preview:-1"},"og_locale":"sv_SE","og_type":"article","og_title":"Kontakt","og_description":"Lokala Livet &#8211; nyheter och n\u00e4rheter Lokala Livet best\u00e5r av de tre papperstidningarna och en digital nyhetsplattsform, f\u00f6r lokala nyheter om vad som sker i bygden och personliga n\u00e4rheter och reportage om m\u00e4nniskorna. Markeriet &#8211; Media och kommunikation Varum\u00e4rket Lokala Livet \u00e4gs och f\u00f6rvaltas av Markeriet, som ocks\u00e5 skapar inneh\u00e5ll med lokalt v\u00e4rde f\u00f6r Lokala [&hellip;]","og_url":"https:\/\/kunder.bulta.se\/mediatrio24\/kontakt\/","og_site_name":"MediaTrio AB | Tidningar | Fokus p\u00e5 det lokala livet","article_publisher":"http:\/\/www.facebook.com\/mediatrio","article_modified_time":"2024-06-27T14:24:48+00:00","og_image":[{"width":2048,"height":1630,"url":"https:\/\/kunder.bulta.se\/mediatrio24\/wp-content\/uploads\/2020\/05\/TuristcenteriValdemarsvikAB-Anette-Thomas.jpg","type":"image\/jpeg"}],"twitter_card":"summary_large_image","twitter_site":"@turistcenter","twitter_misc":{"Ber\u00e4knad l\u00e4stid":"1 minut"},"schema":{"@context":"https:\/\/schema.org","@graph":[{"@type":"WebPage","@id":"https:\/\/kunder.bulta.se\/mediatrio24\/kontakt\/","url":"https:\/\/kunder.bulta.se\/mediatrio24\/kontakt\/","name":"Kontakt - MediaTrio AB | Tidningar | Fokus p\u00e5 det lokala livet","isPartOf":{"@id":"https:\/\/kunder.bulta.se\/mediatrio24\/#website"},"primaryImageOfPage":{"@id":"https:\/\/kunder.bulta.se\/mediatrio24\/kontakt\/#primaryimage"},"image":{"@id":"https:\/\/kunder.bulta.se\/mediatrio24\/kontakt\/#primaryimage"},"thumbnailUrl":"https:\/\/kunder.bulta.se\/mediatrio24\/wp-content\/uploads\/2020\/05\/TuristcenteriValdemarsvikAB-Anette-Thomas.jpg","datePublished":"2024-06-19T15:07:39+00:00","dateModified":"2024-06-27T14:24:48+00:00","breadcrumb":{"@id":"https:\/\/kunder.bulta.se\/mediatrio24\/kontakt\/#breadcrumb"},"inLanguage":"sv-SE","potentialAction":[{"@type":"ReadAction","target":["https:\/\/kunder.bulta.se\/mediatrio24\/kontakt\/"]}]},{"@type":"ImageObject","inLanguage":"sv-SE","@id":"https:\/\/kunder.bulta.se\/mediatrio24\/kontakt\/#primaryimage","url":"https:\/\/kunder.bulta.se\/mediatrio24\/wp-content\/uploads\/2020\/05\/TuristcenteriValdemarsvikAB-Anette-Thomas.jpg","contentUrl":"https:\/\/kunder.bulta.se\/mediatrio24\/wp-content\/uploads\/2020\/05\/TuristcenteriValdemarsvikAB-Anette-Thomas.jpg","width":2048,"height":1630},{"@type":"BreadcrumbList","@id":"https:\/\/kunder.bulta.se\/mediatrio24\/kontakt\/#breadcrumb","itemListElement":[{"@type":"ListItem","position":1,"name":"Hem","item":"https:\/\/kunder.bulta.se\/mediatrio24\/"},{"@type":"ListItem","position":2,"name":"Kontakt"}]},{"@type":"WebSite","@id":"https:\/\/kunder.bulta.se\/mediatrio24\/#website","url":"https:\/\/kunder.bulta.se\/mediatrio24\/","name":"MediaTrio AB | Tidningar | Fokus p\u00e5 det lokala livet","description":"ValdemarsviksBladet | \u00c5tvidabergsplatsen | Gamlebyplatsen","publisher":{"@id":"https:\/\/kunder.bulta.se\/mediatrio24\/#organization"},"potentialAction":[{"@type":"SearchAction","target":{"@type":"EntryPoint","urlTemplate":"https:\/\/kunder.bulta.se\/mediatrio24\/?s={search_term_string}"},"query-input":{"@type":"PropertyValueSpecification","valueRequired":true,"valueName":"search_term_string"}}],"inLanguage":"sv-SE"},{"@type":"Organization","@id":"https:\/\/kunder.bulta.se\/mediatrio24\/#organization","name":"MediaTrio AB","url":"https:\/\/kunder.bulta.se\/mediatrio24\/","logo":{"@type":"ImageObject","inLanguage":"sv-SE","@id":"https:\/\/kunder.bulta.se\/mediatrio24\/#\/schema\/logo\/image\/","url":"https:\/\/kunder.bulta.se\/mediatrio24\/wp-content\/uploads\/2022\/08\/4BB26FAD-690D-4B82-82AC-2254E508623D.jpeg","contentUrl":"https:\/\/kunder.bulta.se\/mediatrio24\/wp-content\/uploads\/2022\/08\/4BB26FAD-690D-4B82-82AC-2254E508623D.jpeg","width":2160,"height":1232,"caption":"MediaTrio AB"},"image":{"@id":"https:\/\/kunder.bulta.se\/mediatrio24\/#\/schema\/logo\/image\/"},"sameAs":["http:\/\/www.facebook.com\/mediatrio","https:\/\/x.com\/turistcenter","http:\/\/www.facebook.com\/valdemarsviksbladet","http:\/\/www.facebook.com\/atvidabergsplatsen","http:\/\/www.facebook.com\/gamlebyplatsen","http:\/\/www.facebook.com\/valdemarsviksportalen"]}]}},"_links":{"self":[{"href":"https:\/\/kunder.bulta.se\/mediatrio24\/wp-json\/wp\/v2\/pages\/11432","targetHints":{"allow":["GET"]}}],"collection":[{"href":"https:\/\/kunder.bulta.se\/mediatrio24\/wp-json\/wp\/v2\/pages"}],"about":[{"href":"https:\/\/kunder.bulta.se\/mediatrio24\/wp-json\/wp\/v2\/types\/page"}],"author":[{"embeddable":true,"href":"https:\/\/kunder.bulta.se\/mediatrio24\/wp-json\/wp\/v2\/users\/9"}],"replies":[{"embeddable":true,"href":"https:\/\/kunder.bulta.se\/mediatrio24\/wp-json\/wp\/v2\/comments?post=11432"}],"version-history":[{"count":2,"href":"https:\/\/kunder.bulta.se\/mediatrio24\/wp-json\/wp\/v2\/pages\/11432\/revisions"}],"predecessor-version":[{"id":11523,"href":"https:\/\/kunder.bulta.se\/mediatrio24\/wp-json\/wp\/v2\/pages\/11432\/revisions\/11523"}],"wp:featuredmedia":[{"embeddable":true,"href":"https:\/\/kunder.bulta.se\/mediatrio24\/wp-json\/wp\/v2\/media\/5893"}],"wp:attachment":[{"href":"https:\/\/kunder.bulta.se\/mediatrio24\/wp-json\/wp\/v2\/media?parent=11432"}],"curies":[{"name":"wp","href":"https:\/\/api.w.org\/{rel}","templated":true}]}}