{"id":11392,"date":"2024-06-19T14:38:01","date_gmt":"2024-06-19T12:38:01","guid":{"rendered":"https:\/\/kunder.bulta.se\/mediatrio24\/?page_id=11392"},"modified":"2024-06-19T15:11:52","modified_gmt":"2024-06-19T13:11:52","slug":"tryckta-tidningsannonser","status":"publish","type":"page","link":"https:\/\/kunder.bulta.se\/mediatrio24\/annonsera\/tryckta-tidningsannonser\/","title":{"rendered":"Tryckta tidningsannonser"},"content":{"rendered":"<div class=\"media-innan-artikeltexten media-entity-placement\" id=\"media-236069634\"><div id=\"exempelannons\" class=\"exempelannons\" style=\"margin-left: auto;margin-right: auto;text-align: center;\"><a href=\"https:\/\/google.se\" aria-label=\"ad_placeholder\"><img loading=\"lazy\" decoding=\"async\" src=\"https:\/\/kunder.bulta.se\/mediatrio24\/wp-content\/uploads\/2024\/06\/ad_placeholder-e1725346111228.png\" alt=\"\"  srcset=\"https:\/\/kunder.bulta.se\/mediatrio24\/wp-content\/uploads\/2024\/06\/ad_placeholder-e1725346111228.png 1692w, https:\/\/kunder.bulta.se\/mediatrio24\/wp-content\/uploads\/2024\/06\/ad_placeholder-e1725346111228-300x133.png 300w, https:\/\/kunder.bulta.se\/mediatrio24\/wp-content\/uploads\/2024\/06\/ad_placeholder-e1725346111228-1024x455.png 1024w, https:\/\/kunder.bulta.se\/mediatrio24\/wp-content\/uploads\/2024\/06\/ad_placeholder-e1725346111228-768x341.png 768w, https:\/\/kunder.bulta.se\/mediatrio24\/wp-content\/uploads\/2024\/06\/ad_placeholder-e1725346111228-1536x683.png 1536w, https:\/\/kunder.bulta.se\/mediatrio24\/wp-content\/uploads\/2024\/06\/ad_placeholder-e1725346111228-1080x480.png 1080w\" sizes=\"(max-width: 1692px) 100vw, 1692px\" width=\"1692\" height=\"872\"  style=\"display: inline-block;\" \/><\/a><\/div><\/div>[ Genv\u00e4gar: <a href=\"#ad_price\">Annonspriser<\/a> &#8211; <a href=\"#ad_contract\">Annonsabonnemang och rabatter<\/a>\u00a0&#8211; <a href=\"#ad_size\">Annonsstorlekar<\/a> ]\r\n<!-- \/wp:post-content -->\r\n\r\nAnnonsera i den tryckta papperstidningen Lokala Livet. Vi har tre olika papperstidningar f\u00f6r Valdemarsvik, Gamleby och \u00c5tvidaberg.\r\n<h1>Priser f\u00f6r tryckta annonser<\/h1>\r\n<!-- wp:table {\"className\":\"is-style-stripes\"} -->\r\n<figure class=\"wp-block-table is-style-stripes\">\r\n<table>\r\n<tbody>\r\n<tr>\r\n<td><strong>Annonsstorlek<\/strong><\/td>\r\n<td><strong>Pris ordinarie utgivning<\/strong><\/td>\r\n<td><strong>Pris ut\u00f6kad utgivning *)<\/strong><\/td>\r\n<td><strong>M\u00e5tt (bredd x h\u00f6jd)<\/strong><\/td>\r\n<\/tr>\r\n<tr>\r\n<td>Sextondel<\/td>\r\n<td>840 kronor<\/td>\r\n<td>1.090 kronor<\/td>\r\n<td>91 x 30 mm<\/td>\r\n<\/tr>\r\n<tr>\r\n<td>\u00c5ttondel\r\n\u00c5ttondel framsida<\/td>\r\n<td>1.295 kronor\r\n1.575 kronor<\/td>\r\n<td>1.695 kronor\r\n2.250 kronor **)<\/td>\r\n<td>91 x 65 mm<\/td>\r\n<\/tr>\r\n<tr>\r\n<td>Kvartssida\r\n\r\nKvartssida framsida<\/td>\r\n<td>1.890 kronor\r\n\r\n2.250 kronor<\/td>\r\n<td>2.400 kronor\r\n\r\n2.875 kronor **)<\/td>\r\n<td>91 x 134 mm\r\n189 x 65 mm\r\n189 x 65 mm<\/td>\r\n<\/tr>\r\n<tr>\r\n<td>Halvsida\r\nHalvsida baksida<\/td>\r\n<td>3.600 kronor\r\n3.985 kronor<\/td>\r\n<td>4.450 kronor\r\n4.895 kronor<\/td>\r\n<td>91 x 276 mm\r\n189 x 134 mm<\/td>\r\n<\/tr>\r\n<tr>\r\n<td>Helsida\r\nHelsida baksida<\/td>\r\n<td>5.250 kronor\r\n5.795 kronor<\/td>\r\n<td>5.950 kronor\r\n6.525 kronor<\/td>\r\n<td>189 x 276 mm<\/td>\r\n<\/tr>\r\n<tr>\r\n<td>Helsidesuppslag<\/td>\r\n<td>9.450 kronor<\/td>\r\n<td>10.675 kronor<\/td>\r\n<td>399 x 276 mm<\/td>\r\n<\/tr>\r\n<\/tbody>\r\n<\/table>\r\n<!-- wp:table {\"className\":\"is-style-stripes\"} --><\/figure>\r\n<!-- \/wp:table -->\r\n<figure class=\"wp-block-table is-style-stripes\">\r\n<table>\r\n<tbody>\r\n<tr>\r\n<td><strong>Anslagstavlan &#8211; Endast f\u00f6r ideella f\u00f6reningar <\/strong>\r\n<strong>och privatannonser<\/strong><\/td>\r\n<td><strong>Pris<\/strong><\/td>\r\n<td><strong>M\u00e5tt <\/strong>\r\n<strong>(bredd x h\u00f6jd)<\/strong><\/td>\r\n<\/tr>\r\n<tr>\r\n<td>Modul 1<\/td>\r\n<td>360 kronor<\/td>\r\n<td>60 x 40 mm<\/td>\r\n<\/tr>\r\n<tr>\r\n<td>Modul 2<\/td>\r\n<td>510 kronor<\/td>\r\n<td>60 x 60 mm<\/td>\r\n<\/tr>\r\n<tr>\r\n<td>Modul 3<\/td>\r\n<td>670 kronor<\/td>\r\n<td>60 x 80 mm<\/td>\r\n<\/tr>\r\n<\/tbody>\r\n<\/table>\r\n<!-- \/wp:table --><!-- wp:heading {\"level\":4} --><!-- wp:paragraph --><\/figure>\r\n<!-- \/wp:paragraph -->\r\n<h4 class=\"wp-block-heading\"><strong>*)<\/strong> F\u00f6ljande nummer \u00e4r f\u00f6rh\u00f6jt annonspris p\u00e5 grund av ut\u00f6kad upplaga<!-- wp:paragraph --><\/h4>\r\n<!-- \/wp:paragraph -->\r\n\r\nValdemarsviksBladet:\r\n&#8211; Fritidsboende Specialnummer (inf\u00f6r p\u00e5sk)\r\n&#8211; Maj Sommarguide\r\n&#8211; Juni\r\n&#8211; Juli<!-- \/wp:heading --><!-- wp:paragraph -->\r\n\r\n\u00c5tvidabergsplatsen:\r\n&#8211; Juni Sommarguide<!-- wp:paragraph \/-->\r\n\r\nGamlebyplatsen:\r\n&#8211; Juni Sommarguide<!-- wp:heading {\"level\":4} -->\r\n\r\n<!-- \/wp:heading -->\r\n<h4 id=\"h-framsidesannons-ej-bokningsbar\" class=\"wp-block-heading\">**) Framsidesannons ej bokningsbar<!-- \/wp:paragraph --><!-- wp:paragraph --><\/h4>\r\nI v\u00e5ra Sommarguider \u00e4r inte plats f\u00f6r annonser p\u00e5 framsidan m\u00f6jliga att boka.<!-- \/wp:paragraph -->\r\n\r\n<!-- wp:paragraph {\"align\":\"center\"} -->\r\n<p class=\"has-text-align-center\">Samtliga priser \u00e4r exklusive lagstadgad merv\u00e4rdeskatt\r\nMed reservation f\u00f6r \u00e4ndringar<!-- \/wp:paragraph --><!-- wp:paragraph --><\/p>\r\n\r\n\r\n<hr \/>\r\n\r\n<!-- wp:heading {\"level\":4} -->\r\n<h1 id=\"h-boka-ditt-annonsabonnemang-och-erhall-rabatt-pa-ordinarie-pris\" class=\"wp-block-heading\">Boka ditt annonsabonnemang och erh\u00e5ll rabatt p\u00e5 ordinarie pris!<!-- wp:paragraph \/--><!-- wp:table {\"className\":\"is-style-stripes\"} --><\/h1>\r\n<!-- \/wp:table -->\r\n<figure class=\"wp-block-table is-style-stripes\">\r\n<table>\r\n<tbody>\r\n<tr>\r\n<td><strong>ValdemarsviksBladet<\/strong><\/td>\r\n<td><strong>\u00c5tvidabergsplatsen<\/strong><\/td>\r\n<td><strong>Gamlebyplatsen<\/strong><\/td>\r\n<\/tr>\r\n<tr>\r\n<td>6 nummer &#8211; 5% rabatt<\/td>\r\n<td>5 nummer &#8211; 5% rabatt<\/td>\r\n<td>4 nummer &#8211; 5% rabatt<\/td>\r\n<\/tr>\r\n<tr>\r\n<td>12 nummer &#8211; 10% rabatt<\/td>\r\n<td>10 nummer &#8211; 10% rabatt<\/td>\r\n<td>8 nummer &#8211; 10% rabatt<\/td>\r\n<\/tr>\r\n<tr>\r\n<td><\/td>\r\n<td>15 nummer &#8211; 15% rabatt<\/td>\r\n<td><\/td>\r\n<\/tr>\r\n<\/tbody>\r\n<\/table>\r\n<figcaption class=\"wp-element-caption\"><strong><em>Rabatterna g\u00e4ller ej anslagstavlan<\/em><\/strong><\/figcaption><!-- wp:image {\"align\":\"center\",\"id\":8716} --><\/figure>\r\n<!-- \/wp:image -->\r\n<figure class=\"wp-block-image aligncenter\"><img loading=\"lazy\" decoding=\"async\" width=\"1024\" height=\"457\" class=\"wp-image-8716\" src=\"https:\/\/kunder.bulta.se\/mediatrio24\/wp-content\/uploads\/2023\/01\/0A179575-EF13-4F71-BA56-238287F604FC-1024x457.jpeg\" alt=\"\" srcset=\"https:\/\/kunder.bulta.se\/mediatrio24\/wp-content\/uploads\/2023\/01\/0A179575-EF13-4F71-BA56-238287F604FC-1024x457.jpeg 1024w, https:\/\/kunder.bulta.se\/mediatrio24\/wp-content\/uploads\/2023\/01\/0A179575-EF13-4F71-BA56-238287F604FC-300x134.jpeg 300w, https:\/\/kunder.bulta.se\/mediatrio24\/wp-content\/uploads\/2023\/01\/0A179575-EF13-4F71-BA56-238287F604FC-768x343.jpeg 768w, https:\/\/kunder.bulta.se\/mediatrio24\/wp-content\/uploads\/2023\/01\/0A179575-EF13-4F71-BA56-238287F604FC-1536x686.jpeg 1536w, https:\/\/kunder.bulta.se\/mediatrio24\/wp-content\/uploads\/2023\/01\/0A179575-EF13-4F71-BA56-238287F604FC-2048x914.jpeg 2048w\" sizes=\"auto, (max-width: 1024px) 100vw, 1024px\" \/><\/figure>\r\n<!-- \/wp:heading -->\r\n\r\n<!-- wp:heading {\"level\":4} -->\r\n<h4 id=\"h-vi-erbjuder-20-30-repetitionsrabatt-vid-samtidig-bokning-av-en-eller-tva-annonser-i-vara-tva-andra-tidningar\" class=\"wp-block-heading\">Vi erbjuder 20-30% repetitionsrabatt vid samtidig bokning av en eller tv\u00e5 annonser i v\u00e5ra tv\u00e5 andra tidningar!<!-- wp:paragraph \/--><\/h4>\r\n<em>(Tidning 1: Ord.pris\/ev. abonnemangsrabatt &#8211; Tidning 2: 20% rabatt &#8211; Tidning 3: 30% rabatt)<\/em><!-- wp:table {\"className\":\"is-style-stripes\"} \/-->\r\n<figure class=\"wp-block-table is-style-stripes\">\r\n<table>\r\n<tbody>\r\n<tr>\r\n<td><strong>Prisexempel ordinarie utgivning<\/strong><\/td>\r\n<td><strong>Prisexempel sommarutgivning<\/strong><\/td>\r\n<\/tr>\r\n<tr>\r\n<td><em>(Annons i 3 tidningar &#8211; 27 500 ex)<\/em>\r\n\u00c5ttondels annons: 3 238 kr\r\nKvartssidesannons: 4 725 kr\r\n(Inkl. rabatt &#8211; exkl. moms)<\/td>\r\n<td><em>(Annons i 3 tidningar &#8211; 37 000 ex)<\/em>\r\n\u00c5ttondels annons: 4 238 kr\r\nKvartssidesannons: 6 000 kr\r\n(Inkl. rabatt &#8211; exkl. moms)<\/td>\r\n<\/tr>\r\n<\/tbody>\r\n<\/table>\r\n<!-- wp:image {\"align\":\"center\",\"id\":8719} --><\/figure>\r\n<!-- \/wp:image -->\r\n<figure class=\"wp-block-image aligncenter\"><img loading=\"lazy\" decoding=\"async\" width=\"1024\" height=\"617\" class=\"wp-image-8719\" src=\"https:\/\/kunder.bulta.se\/mediatrio24\/wp-content\/uploads\/2023\/01\/58FA1AE7-744E-4B48-A671-52E2AF59491B-1024x617.jpeg\" alt=\"\" srcset=\"https:\/\/kunder.bulta.se\/mediatrio24\/wp-content\/uploads\/2023\/01\/58FA1AE7-744E-4B48-A671-52E2AF59491B-1024x617.jpeg 1024w, https:\/\/kunder.bulta.se\/mediatrio24\/wp-content\/uploads\/2023\/01\/58FA1AE7-744E-4B48-A671-52E2AF59491B-300x181.jpeg 300w, https:\/\/kunder.bulta.se\/mediatrio24\/wp-content\/uploads\/2023\/01\/58FA1AE7-744E-4B48-A671-52E2AF59491B-768x463.jpeg 768w, https:\/\/kunder.bulta.se\/mediatrio24\/wp-content\/uploads\/2023\/01\/58FA1AE7-744E-4B48-A671-52E2AF59491B-1536x926.jpeg 1536w, https:\/\/kunder.bulta.se\/mediatrio24\/wp-content\/uploads\/2023\/01\/58FA1AE7-744E-4B48-A671-52E2AF59491B-2048x1234.jpeg 2048w\" sizes=\"auto, (max-width: 1024px) 100vw, 1024px\" \/><!-- wp:heading {\"level\":4} \/--><\/figure>\r\n<h4 id=\"h-vi-har-aven-rabatterbjudande-till-nystartade-foretag-boka-4-annonser-vi-bjuder-pa-4-e-annonsen\" class=\"wp-block-heading\">Vi har \u00e4ven rabatterbjudande till nystartade f\u00f6retag!\r\nBoka 4 annonser &#8211; Vi bjuder p\u00e5 4:e annonsen!<!-- \/wp:heading --><\/h4>\r\n<!-- wp:paragraph -->\r\n\r\nAnnonserna ska vara samma storlek, annars g\u00e4ller minsta annonsstorleken f\u00f6r rabatten om du v\u00e4ljer olika storlekar p\u00e5 annons. M\u00e5ste bokas i f\u00f6rv\u00e4g.\r\n\r\n<hr \/>\r\n\r\n<!-- \/wp:paragraph -->\r\n<h1>Annonsstorlekar f\u00f6r tryckta annonser<!-- wp:paragraph \/--><\/h1>\r\n<!-- wp:table -->\r\n<figure class=\"wp-block-table\">\r\n<table>\r\n<tbody>\r\n<tr>\r\n<td><strong>FRAMSIDA<\/strong> Liten<\/td>\r\n<td>91 mm (b) x 65 mm (h)<\/td>\r\n<\/tr>\r\n<tr>\r\n<td><strong>FRAMSIDA<\/strong> Stor<\/td>\r\n<td>189 mm (b) x 65 mm (h)<\/td>\r\n<\/tr>\r\n<tr>\r\n<td><\/td>\r\n<td><\/td>\r\n<\/tr>\r\n<tr>\r\n<td><strong>HELSIDA<\/strong><\/td>\r\n<td>189 mm (b) x 276 mm (h)<\/td>\r\n<\/tr>\r\n<tr>\r\n<td><\/td>\r\n<td><\/td>\r\n<\/tr>\r\n<tr>\r\n<td><strong>HALVSIDA <\/strong>liggande<\/td>\r\n<td>189 mm (b) x 134 mm (h)<\/td>\r\n<\/tr>\r\n<tr>\r\n<td><strong>HALVSIDA <\/strong>st\u00e5ende<\/td>\r\n<td>91 mm (b) x 276 mm (h)<\/td>\r\n<\/tr>\r\n<tr>\r\n<td><\/td>\r\n<td><\/td>\r\n<\/tr>\r\n<tr>\r\n<td><strong>KVARTSSIDA <\/strong>liggande<\/td>\r\n<td>189 mm (b) x 65 mm (h)<\/td>\r\n<\/tr>\r\n<tr>\r\n<td><strong>KVARTSSIDA <\/strong>st\u00e5ende<\/td>\r\n<td>91 mm (b) x 134 mm (h)<\/td>\r\n<\/tr>\r\n<tr>\r\n<td><\/td>\r\n<td><\/td>\r\n<\/tr>\r\n<tr>\r\n<td><strong>\u00c5TTONDEL<\/strong><\/td>\r\n<td>91 mm (b) x 65 mm (h)<\/td>\r\n<\/tr>\r\n<tr>\r\n<td><\/td>\r\n<td><\/td>\r\n<\/tr>\r\n<tr>\r\n<td><strong>SEXTONDEL<\/strong><\/td>\r\n<td>91 mm (b) x 30 mm (h)<\/td>\r\n<\/tr>\r\n<\/tbody>\r\n<\/table>\r\n<!-- wp:heading --><\/figure>\r\n<!-- \/wp:heading -->\r\n<h2 id=\"h-anslagstavlan-for-foreningar-och-privatannonser\" class=\"wp-block-heading\">Anslagstavlan f\u00f6r f\u00f6reningar och privatannonser<!-- \/wp:table --><!-- wp:table --><\/h2>\r\n&nbsp;\r\n<figure class=\"wp-block-table\">\r\n<table>\r\n<tbody>\r\n<tr>\r\n<td><strong>MODUL 1<\/strong><\/td>\r\n<td>60 mm (b) x 40 mm (h)<\/td>\r\n<\/tr>\r\n<tr>\r\n<td><strong>MODUL 2<\/strong><\/td>\r\n<td>60 mm (b) x 60 mm (h)<\/td>\r\n<\/tr>\r\n<tr>\r\n<td><strong>MODUL 3<\/strong><\/td>\r\n<td>60 mm (b) x 80 mm (h)<\/td>\r\n<\/tr>\r\n<\/tbody>\r\n<\/table>\r\n<!-- wp:heading \/--><\/figure>\r\n<h2 id=\"h-annonsmaterial\" class=\"wp-block-heading\">Annonsmaterial<!-- wp:paragraph \/--><\/h2>\r\nF\u00f6r b\u00e4sta resultat och kvalitet vill vi att bilder och annonser ska ha s\u00e5 h\u00f6g uppl\u00f6sning som m\u00f6jligt.<!-- wp:paragraph \/-->\r\n\r\n<strong>F\u00e4rdiga annonser<\/strong>\r\nG\u00f6r du annonsen sj\u00e4lv ska formatet vara i <strong>EPS<\/strong> eller <strong>h\u00f6guppl\u00f6st PDF<\/strong>.\r\nBifoga udda typsnitt eller g\u00f6r dem till kurvor i annonsfilen innan du sparar den.<!-- \/wp:table --><!-- wp:paragraph -->\r\n\r\n<strong>Material till annonser<\/strong>\r\nVill ni ha hj\u00e4lp att g\u00f6ra er annons s\u00e5 g\u00f6r vi g\u00e4rna det och det ing\u00e5r i annonspriset.\r\nSkicka in f\u00f6rslag p\u00e5 uppl\u00e4gg s\u00e5 f\u00e5r skickar vi tillbaka ett korrektur som du f\u00e5r godk\u00e4nna innan tidningen g\u00e5r i tryck.\r\n\r\nBilder och logotyper vill vi ha i s\u00e5 h\u00f6g uppl\u00f6sning som m\u00f6jligt f\u00f6r b\u00e4sta kvalitet.\r\n\r\nVi ansvarar inte f\u00f6r inskickat material och du som annons\u00f6r har ansvar f\u00f6r att bilder f\u00e5r anv\u00e4ndas av upphovsr\u00e4ttsliga sk\u00e4l.<!-- wp:paragraph \/-->\r\n\r\n<strong><em>Annonser som vi skapar f\u00e5r inte anv\u00e4ndas i till exempel sociala medier eller tryck utan v\u00e5rt tillst\u00e5nd.<\/em><\/strong><!-- \/wp:paragraph --><div class=\"media-efter-artikeltexten media-entity-placement\" id=\"media-3631108596\"><div id=\"exempelannons\" class=\"exempelannons\" style=\"margin-left: auto;margin-right: auto;text-align: center;\"><a href=\"https:\/\/google.se\" aria-label=\"ad_placeholder\"><img loading=\"lazy\" decoding=\"async\" src=\"https:\/\/kunder.bulta.se\/mediatrio24\/wp-content\/uploads\/2024\/06\/ad_placeholder-e1725346111228.png\" alt=\"\"  srcset=\"https:\/\/kunder.bulta.se\/mediatrio24\/wp-content\/uploads\/2024\/06\/ad_placeholder-e1725346111228.png 1692w, https:\/\/kunder.bulta.se\/mediatrio24\/wp-content\/uploads\/2024\/06\/ad_placeholder-e1725346111228-300x133.png 300w, https:\/\/kunder.bulta.se\/mediatrio24\/wp-content\/uploads\/2024\/06\/ad_placeholder-e1725346111228-1024x455.png 1024w, https:\/\/kunder.bulta.se\/mediatrio24\/wp-content\/uploads\/2024\/06\/ad_placeholder-e1725346111228-768x341.png 768w, https:\/\/kunder.bulta.se\/mediatrio24\/wp-content\/uploads\/2024\/06\/ad_placeholder-e1725346111228-1536x683.png 1536w, https:\/\/kunder.bulta.se\/mediatrio24\/wp-content\/uploads\/2024\/06\/ad_placeholder-e1725346111228-1080x480.png 1080w\" sizes=\"(max-width: 1692px) 100vw, 1692px\" width=\"1692\" height=\"872\"  style=\"display: inline-block;\" \/><\/a><\/div><\/div>","protected":false},"excerpt":{"rendered":"<p>[ Genv\u00e4gar: Annonspriser &#8211; Annonsabonnemang och rabatter\u00a0&#8211; Annonsstorlekar ] Annonsera i den tryckta papperstidningen Lokala Livet. Vi har tre olika papperstidningar f\u00f6r Valdemarsvik, Gamleby och \u00c5tvidaberg. Priser f\u00f6r tryckta annonser Annonsstorlek Pris ordinarie utgivning Pris ut\u00f6kad utgivning *) M\u00e5tt (bredd x h\u00f6jd) Sextondel 840 kronor 1.090 kronor 91 x 30 mm \u00c5ttondel \u00c5ttondel framsida 1.295 [&hellip;]<\/p>\n","protected":false},"author":9,"featured_media":0,"parent":11400,"menu_order":0,"comment_status":"closed","ping_status":"closed","template":"","meta":{"_et_pb_use_builder":"","_et_pb_old_content":"","_et_gb_content_width":"","_exactmetrics_skip_tracking":false,"_exactmetrics_sitenote_active":false,"_exactmetrics_sitenote_note":"","_exactmetrics_sitenote_category":0,"_monsterinsights_skip_tracking":false,"_monsterinsights_sitenote_active":false,"_monsterinsights_sitenote_note":"","_monsterinsights_sitenote_category":0,"footnotes":""},"class_list":["post-11392","page","type-page","status-publish","hentry"],"yoast_head":"<!-- This site is optimized with the Yoast SEO Premium plugin v21.8 (Yoast SEO v27.3) - https:\/\/yoast.com\/product\/yoast-seo-premium-wordpress\/ -->\n<title>Tryckta tidningsannonser - MediaTrio AB | Tidningar | Fokus p\u00e5 det lokala livet<\/title>\n<meta name=\"robots\" content=\"noindex, follow, max-snippet:-1, max-image-preview:large, max-video-preview:-1\" \/>\n<meta property=\"og:locale\" content=\"sv_SE\" \/>\n<meta property=\"og:type\" content=\"article\" \/>\n<meta property=\"og:title\" content=\"Tryckta tidningsannonser\" \/>\n<meta property=\"og:description\" content=\"[ Genv\u00e4gar: Annonspriser &#8211; Annonsabonnemang och rabatter\u00a0&#8211; Annonsstorlekar ] Annonsera i den tryckta papperstidningen Lokala Livet. Vi har tre olika papperstidningar f\u00f6r Valdemarsvik, Gamleby och \u00c5tvidaberg. Priser f\u00f6r tryckta annonser Annonsstorlek Pris ordinarie utgivning Pris ut\u00f6kad utgivning *) M\u00e5tt (bredd x h\u00f6jd) Sextondel 840 kronor 1.090 kronor 91 x 30 mm \u00c5ttondel \u00c5ttondel framsida 1.295 [&hellip;]\" \/>\n<meta property=\"og:url\" content=\"https:\/\/kunder.bulta.se\/mediatrio24\/annonsera\/tryckta-tidningsannonser\/\" \/>\n<meta property=\"og:site_name\" content=\"MediaTrio AB | Tidningar | Fokus p\u00e5 det lokala livet\" \/>\n<meta property=\"article:publisher\" content=\"http:\/\/www.facebook.com\/mediatrio\" \/>\n<meta property=\"article:modified_time\" content=\"2024-06-19T13:11:52+00:00\" \/>\n<meta property=\"og:image\" content=\"https:\/\/kunder.bulta.se\/mediatrio24\/wp-content\/uploads\/2023\/01\/0A179575-EF13-4F71-BA56-238287F604FC-1024x457.jpeg\" \/>\n<meta name=\"twitter:card\" content=\"summary_large_image\" \/>\n<meta name=\"twitter:site\" content=\"@turistcenter\" \/>\n<meta name=\"twitter:label1\" content=\"Ber\u00e4knad l\u00e4stid\" \/>\n\t<meta name=\"twitter:data1\" content=\"4 minuter\" \/>\n<!-- \/ Yoast SEO Premium plugin. -->","yoast_head_json":{"title":"Tryckta tidningsannonser - MediaTrio AB | Tidningar | Fokus p\u00e5 det lokala livet","robots":{"index":"noindex","follow":"follow","max-snippet":"max-snippet:-1","max-image-preview":"max-image-preview:large","max-video-preview":"max-video-preview:-1"},"og_locale":"sv_SE","og_type":"article","og_title":"Tryckta tidningsannonser","og_description":"[ Genv\u00e4gar: Annonspriser &#8211; Annonsabonnemang och rabatter\u00a0&#8211; Annonsstorlekar ] Annonsera i den tryckta papperstidningen Lokala Livet. Vi har tre olika papperstidningar f\u00f6r Valdemarsvik, Gamleby och \u00c5tvidaberg. Priser f\u00f6r tryckta annonser Annonsstorlek Pris ordinarie utgivning Pris ut\u00f6kad utgivning *) M\u00e5tt (bredd x h\u00f6jd) Sextondel 840 kronor 1.090 kronor 91 x 30 mm \u00c5ttondel \u00c5ttondel framsida 1.295 [&hellip;]","og_url":"https:\/\/kunder.bulta.se\/mediatrio24\/annonsera\/tryckta-tidningsannonser\/","og_site_name":"MediaTrio AB | Tidningar | Fokus p\u00e5 det lokala livet","article_publisher":"http:\/\/www.facebook.com\/mediatrio","article_modified_time":"2024-06-19T13:11:52+00:00","og_image":[{"url":"https:\/\/kunder.bulta.se\/mediatrio24\/wp-content\/uploads\/2023\/01\/0A179575-EF13-4F71-BA56-238287F604FC-1024x457.jpeg","type":"","width":"","height":""}],"twitter_card":"summary_large_image","twitter_site":"@turistcenter","twitter_misc":{"Ber\u00e4knad l\u00e4stid":"4 minuter"},"schema":{"@context":"https:\/\/schema.org","@graph":[{"@type":"WebPage","@id":"https:\/\/kunder.bulta.se\/mediatrio24\/annonsera\/tryckta-tidningsannonser\/","url":"https:\/\/kunder.bulta.se\/mediatrio24\/annonsera\/tryckta-tidningsannonser\/","name":"Tryckta tidningsannonser - MediaTrio AB | Tidningar | Fokus p\u00e5 det lokala livet","isPartOf":{"@id":"http:\/\/kunder.bulta.se\/mediatrio24\/#website"},"primaryImageOfPage":{"@id":"https:\/\/kunder.bulta.se\/mediatrio24\/annonsera\/tryckta-tidningsannonser\/#primaryimage"},"image":{"@id":"https:\/\/kunder.bulta.se\/mediatrio24\/annonsera\/tryckta-tidningsannonser\/#primaryimage"},"thumbnailUrl":"https:\/\/kunder.bulta.se\/mediatrio24\/wp-content\/uploads\/2023\/01\/0A179575-EF13-4F71-BA56-238287F604FC-1024x457.jpeg","datePublished":"2024-06-19T12:38:01+00:00","dateModified":"2024-06-19T13:11:52+00:00","breadcrumb":{"@id":"https:\/\/kunder.bulta.se\/mediatrio24\/annonsera\/tryckta-tidningsannonser\/#breadcrumb"},"inLanguage":"sv-SE","potentialAction":[{"@type":"ReadAction","target":["https:\/\/kunder.bulta.se\/mediatrio24\/annonsera\/tryckta-tidningsannonser\/"]}]},{"@type":"ImageObject","inLanguage":"sv-SE","@id":"https:\/\/kunder.bulta.se\/mediatrio24\/annonsera\/tryckta-tidningsannonser\/#primaryimage","url":"https:\/\/kunder.bulta.se\/mediatrio24\/wp-content\/uploads\/2023\/01\/0A179575-EF13-4F71-BA56-238287F604FC.jpeg","contentUrl":"https:\/\/kunder.bulta.se\/mediatrio24\/wp-content\/uploads\/2023\/01\/0A179575-EF13-4F71-BA56-238287F604FC.jpeg","width":2101,"height":938},{"@type":"BreadcrumbList","@id":"https:\/\/kunder.bulta.se\/mediatrio24\/annonsera\/tryckta-tidningsannonser\/#breadcrumb","itemListElement":[{"@type":"ListItem","position":1,"name":"Hem","item":"http:\/\/kunder.bulta.se\/mediatrio24\/"},{"@type":"ListItem","position":2,"name":"Annonsera i Lokala Livet","item":"https:\/\/kunder.bulta.se\/mediatrio24\/annonsera\/"},{"@type":"ListItem","position":3,"name":"Tryckta tidningsannonser"}]},{"@type":"WebSite","@id":"http:\/\/kunder.bulta.se\/mediatrio24\/#website","url":"http:\/\/kunder.bulta.se\/mediatrio24\/","name":"MediaTrio AB | Tidningar | Fokus p\u00e5 det lokala livet","description":"ValdemarsviksBladet | \u00c5tvidabergsplatsen | Gamlebyplatsen","publisher":{"@id":"http:\/\/kunder.bulta.se\/mediatrio24\/#organization"},"potentialAction":[{"@type":"SearchAction","target":{"@type":"EntryPoint","urlTemplate":"http:\/\/kunder.bulta.se\/mediatrio24\/?s={search_term_string}"},"query-input":{"@type":"PropertyValueSpecification","valueRequired":true,"valueName":"search_term_string"}}],"inLanguage":"sv-SE"},{"@type":"Organization","@id":"http:\/\/kunder.bulta.se\/mediatrio24\/#organization","name":"MediaTrio AB","url":"http:\/\/kunder.bulta.se\/mediatrio24\/","logo":{"@type":"ImageObject","inLanguage":"sv-SE","@id":"http:\/\/kunder.bulta.se\/mediatrio24\/#\/schema\/logo\/image\/","url":"https:\/\/kunder.bulta.se\/mediatrio24\/wp-content\/uploads\/2022\/08\/4BB26FAD-690D-4B82-82AC-2254E508623D.jpeg","contentUrl":"https:\/\/kunder.bulta.se\/mediatrio24\/wp-content\/uploads\/2022\/08\/4BB26FAD-690D-4B82-82AC-2254E508623D.jpeg","width":2160,"height":1232,"caption":"MediaTrio AB"},"image":{"@id":"http:\/\/kunder.bulta.se\/mediatrio24\/#\/schema\/logo\/image\/"},"sameAs":["http:\/\/www.facebook.com\/mediatrio","https:\/\/x.com\/turistcenter","http:\/\/www.facebook.com\/valdemarsviksbladet","http:\/\/www.facebook.com\/atvidabergsplatsen","http:\/\/www.facebook.com\/gamlebyplatsen","http:\/\/www.facebook.com\/valdemarsviksportalen"]}]}},"_links":{"self":[{"href":"https:\/\/kunder.bulta.se\/mediatrio24\/wp-json\/wp\/v2\/pages\/11392","targetHints":{"allow":["GET"]}}],"collection":[{"href":"https:\/\/kunder.bulta.se\/mediatrio24\/wp-json\/wp\/v2\/pages"}],"about":[{"href":"https:\/\/kunder.bulta.se\/mediatrio24\/wp-json\/wp\/v2\/types\/page"}],"author":[{"embeddable":true,"href":"https:\/\/kunder.bulta.se\/mediatrio24\/wp-json\/wp\/v2\/users\/9"}],"replies":[{"embeddable":true,"href":"https:\/\/kunder.bulta.se\/mediatrio24\/wp-json\/wp\/v2\/comments?post=11392"}],"version-history":[{"count":2,"href":"https:\/\/kunder.bulta.se\/mediatrio24\/wp-json\/wp\/v2\/pages\/11392\/revisions"}],"predecessor-version":[{"id":11397,"href":"https:\/\/kunder.bulta.se\/mediatrio24\/wp-json\/wp\/v2\/pages\/11392\/revisions\/11397"}],"up":[{"embeddable":true,"href":"https:\/\/kunder.bulta.se\/mediatrio24\/wp-json\/wp\/v2\/pages\/11400"}],"wp:attachment":[{"href":"https:\/\/kunder.bulta.se\/mediatrio24\/wp-json\/wp\/v2\/media?parent=11392"}],"curies":[{"name":"wp","href":"https:\/\/api.w.org\/{rel}","templated":true}]}}